{"id":8081,"date":"2022-04-25T11:33:57","date_gmt":"2022-04-25T09:33:57","guid":{"rendered":"https:\/\/www.tuicamper.com\/angebote\/"},"modified":"2026-05-07T14:28:53","modified_gmt":"2026-05-07T12:28:53","slug":"angebote","status":"publish","type":"page","link":"https:\/\/www.tuicamper.com\/angebote\/","title":{"rendered":"Angebote"},"content":{"rendered":"\n<style type=\"text\/css\" data-created_by=\"avia_inline_auto\" id=\"style-css-av-87tlv5-485d1b3cc50a870c52d3b37ca96d6b22\">\n.avia-section.av-87tlv5-485d1b3cc50a870c52d3b37ca96d6b22{\nbackground-repeat:no-repeat;\nbackground-image:url(https:\/\/www.tuicamper.com\/wp-docker\/wp-content\/uploads\/2026\/05\/suedafrika-camper-header.jpg);\nbackground-position:50% 100%;\nbackground-attachment:scroll;\n}\n<\/style>\n<div id='av_section_1'  class='avia-section av-87tlv5-485d1b3cc50a870c52d3b37ca96d6b22 main_color avia-section-no-padding avia-no-border-styling  avia-builder-el-0  el_before_av_section  avia-builder-el-first  static-full-header highlight-top-left avia-full-stretch avia-bg-style-scroll container_wrap sidebar_right'  data-section-bg-repeat='stretch'><div class='container av-section-cont-open' ><main  role=\"main\" itemprop=\"mainContentOfPage\"  class='template-page content  av-content-small alpha units'><div class='post-entry post-entry-type-page post-entry-8081'><div class='entry-content-wrapper clearfix'>\n\n<style type=\"text\/css\" data-created_by=\"avia_inline_auto\" id=\"style-css-av-6hd8i9-9af8dd260fa21f5efa496eaec5532c90\">\n#top .flex_column.av-6hd8i9-9af8dd260fa21f5efa496eaec5532c90{\nmargin-top:0px;\nmargin-bottom:0px;\n}\n.flex_column.av-6hd8i9-9af8dd260fa21f5efa496eaec5532c90{\nborder-radius:0px 0px 0px 0px;\npadding:0px 0px 0px 0px;\nbackground-color:rgba(255,255,255,0.6);\n}\n.responsive #top #wrap_all .flex_column.av-6hd8i9-9af8dd260fa21f5efa496eaec5532c90{\nmargin-top:0px;\nmargin-bottom:0px;\n}\n<\/style>\n<div  class='flex_column av-6hd8i9-9af8dd260fa21f5efa496eaec5532c90 av_one_full  avia-builder-el-1  avia-builder-el-no-sibling  first no_margin flex_column_div av-zero-column-padding  '     ><p>\n<style type=\"text\/css\" data-created_by=\"avia_inline_auto\" id=\"style-css-av-3nvwg1-2ec7a053fc9b5dd788e82d35e4147dca\">\n.avia-image-container.av-3nvwg1-2ec7a053fc9b5dd788e82d35e4147dca img.avia_image{\nbox-shadow:none;\n}\n.avia-image-container.av-3nvwg1-2ec7a053fc9b5dd788e82d35e4147dca .av-image-caption-overlay-center{\ncolor:#ffffff;\n}\n<\/style>\n<div  class='avia-image-container av-3nvwg1-2ec7a053fc9b5dd788e82d35e4147dca av-styling-no-styling avia-align-  avia-builder-el-2  el_before_av_textblock  avia-builder-el-first '   itemprop=\"image\" itemscope=\"itemscope\" itemtype=\"https:\/\/schema.org\/ImageObject\" ><div class=\"avia-image-container-inner\"><div class=\"avia-image-overlay-wrap\"><img decoding=\"async\" fetchpriority=\"high\" class='wp-image-26971 avia-img-lazy-loading-not-26971 avia_image ' src=\"https:\/\/www.tuicamper.com\/wp-docker\/wp-content\/uploads\/2022\/11\/camper-and-sun.svg\" alt='' title=''   itemprop=\"thumbnailUrl\"  \/><\/div><\/div><\/div><br \/>\n<section  class='av_textblock_section av-302cj5-271a85f1e33832cefedbc4773b8832e9 '   itemscope=\"itemscope\" itemtype=\"https:\/\/schema.org\/CreativeWork\" ><div class='avia_textblock highlight-box p-2'  itemprop=\"text\" ><h2 class=\"headline\"><strong>TUI Camper<br \/>\nAngebote &amp; Deals<\/strong><\/h2>\n<div class=\"sub-headline\">Hier finden Sie unsere Fr\u00fchbucherangebote, Last-Minute Deals und Specials. Sichern Sie sich Ihren komfortablen Reisebegleiter bei TUI Camper ohne versteckte Kosten und mit bestem Versicherungsschutz und Campingzubeh\u00f6r inklusive.<\/div>\n<\/div><\/section><\/p><\/div>\n\n<\/div><\/div><\/main><!-- close content main element --><\/div><\/div><div id='av_section_2'  class='avia-section av-fkvf5-bb353da4836afaf2a5447463021d844b main_color avia-section-default avia-no-border-styling  avia-builder-el-4  el_after_av_section  el_before_av_section  reduced-content offer-cards avia-bg-style-scroll container_wrap sidebar_right'  ><div class='container av-section-cont-open' ><div class='template-page content  av-content-small alpha units'><div class='post-entry post-entry-type-page post-entry-8081'><div class='entry-content-wrapper clearfix'>\n\n<style type=\"text\/css\" data-created_by=\"avia_inline_auto\" id=\"style-css-av-mo2n0dqo-b58689c301d38332a2bd877ca93fff4f\">\n.avia-image-container.av-mo2n0dqo-b58689c301d38332a2bd877ca93fff4f img.avia_image{\nbox-shadow:none;\n}\n.avia-image-container.av-mo2n0dqo-b58689c301d38332a2bd877ca93fff4f .av-image-caption-overlay-center{\ncolor:#ffffff;\n}\n<\/style>\n<div  class='avia-image-container av-mo2n0dqo-b58689c301d38332a2bd877ca93fff4f av-styling- avia-align-right  avia-builder-el-5  el_before_av_textblock  avia-builder-el-first '   itemprop=\"image\" itemscope=\"itemscope\" itemtype=\"https:\/\/schema.org\/ImageObject\" ><div class=\"avia-image-container-inner\"><div class=\"avia-image-overlay-wrap\"><img decoding=\"async\" fetchpriority=\"high\" class='wp-image-57507 avia-img-lazy-loading-not-57507 avia_image ' src=\"https:\/\/www.tuicamper.com\/wp-docker\/wp-content\/uploads\/2023\/08\/maui-motorhomes-logo.png\" alt='maui-motorhomes-logo' title=''  height=\"105\" width=\"150\"  itemprop=\"thumbnailUrl\"  \/><\/div><\/div><\/div>\n<section  class='av_textblock_section av-mo2n1zuz-d6030ffde80e4b86e5eff5f9aa06289b '   itemscope=\"itemscope\" itemtype=\"https:\/\/schema.org\/CreativeWork\" ><div class='avia_textblock'  itemprop=\"text\" ><h2><strong>S\u00dcDAFRIKA <\/strong><\/h2>\n<h3><strong>Special-Deal mit Maui<\/strong><\/h3>\n<p class=\"ce-bodytext\">Maui ist unser Premium Partner in S\u00fcdafrika und spezialisiert auf die Vermietung von klassischen Wohnmobilen. Die Fahrzeugflotte bietet den Campervan f\u00fcr Zwei genauso wie klassische Wohnmobile f\u00fcr kleine und gro\u00dfe Familien. Einwegmieten sind zwischen den Stationen in S\u00fcdafrika m\u00f6glich. Die engagierten Mitarbeiter bieten einen professionellen Service.<\/p>\n<p><strong>Fahrzeugflotte von Maui:<\/strong><\/p>\n<ul>\n<li>gro\u00dfe und junge Flotte<\/li>\n<li>meist nicht \u00e4lter als 3 Jahre<\/li>\n<li>klassische Wohnmobile f\u00fcr 2 \u2013 6 Personen<\/li>\n<li>komplett ausgestatteter K\u00fcchen- und Wohnbereich<\/li>\n<\/ul>\n<\/div><\/section>\n<section  class='av_textblock_section av-mo2n2yxr-8071d74ba6fb0f6adbdd0f33a15f596d '   itemscope=\"itemscope\" itemtype=\"https:\/\/schema.org\/CreativeWork\" ><div class='avia_textblock'  itemprop=\"text\" ><p>\u21d2\u00a0Wenn Sie\u00a0<u>bis zum 31.05.2026 <\/u>einen Camper von Maui in S\u00fcdafrika buchen, sparen Sie mit unserem Mai-Special.<br \/>\nIm Aktionszeitraum ist f\u00fcr die Fahrzeuge ausschlie\u00dflich der All-Inclusive\u2011Tarif (AI) buchbar. Die Vertragsgeb\u00fchr sowie Stationszuschl\u00e4ge sind bereits im Gesamtpreis enthalten.<br \/>\nDamit profitieren Sie von den umfangreichen All Inclusive\u2011Leistungen zu einem Preis, der nahezu dem Standardtarif entspricht \u2013 ein echter Mehrwert und ein attraktives Angebot f\u00fcr den Sommer 2026.<\/p>\n<p><strong>Alle Details zum Special von Maui:<\/strong><\/p>\n<ul>\n<li><strong>Erm\u00e4\u00dfigung:<\/strong> nur im All-Inclusive\u2011Tarif (AI) buchbar, dazu sind Vollkaskoschutz ohne Selbstbeteiligung, Vertragsgeb\u00fchr, Stationszuschl\u00e4ge u.v.m. bereits im Preis enthalten<\/li>\n<li><strong>Rabattcode:<\/strong> kein Rabattcode notwendig<\/li>\n<li><strong>Partner:<\/strong> Maui<\/li>\n<li><strong>Mindestmietdauer:<\/strong> 5 Tage<\/li>\n<li><strong>Reisezeitraum:<\/strong> 01.06.2026 &#8211; 05.10.2026<\/li>\n<li><strong>Buchbar:<\/strong> 07.05.2026 &#8211; 31.05.2026<\/li>\n<li><strong><strong>Stationen: <\/strong><\/strong>S\u00fcdafrika (Johannesburg, Kapstadt, Durban, Port Elisabeth)<\/li>\n<\/ul>\n<\/div><\/section>\n<\/div><\/div><\/div><!-- close content main div --><\/div><\/div><div id='av_section_3'  class='avia-section av-81vhj5-a43df2fd131a0ca39528dc1e0709c26a main_color avia-section-default avia-no-border-styling  avia-builder-el-8  el_after_av_section  avia-builder-el-last  reduced-content offer-cards avia-bg-style-scroll container_wrap sidebar_right'  ><div class='container av-section-cont-open' ><div class='template-page content  av-content-small alpha units'><div class='post-entry post-entry-type-page post-entry-8081'><div class='entry-content-wrapper clearfix'>\n\n<style type=\"text\/css\" data-created_by=\"avia_inline_auto\" id=\"style-css-av-5zi0n5-132fc305032ee0d67b62c65d3f0fab31\">\n.flex_column.av-5zi0n5-132fc305032ee0d67b62c65d3f0fab31{\nborder-radius:0px 0px 0px 0px;\npadding:0px 0px 0px 0px;\nbackground:url(https:\/\/www.tuicamper.com\/wp-docker\/wp-content\/uploads\/2023\/02\/Maui-BBQ-1-of-1-13-845x684.jpg) 50% 50% no-repeat scroll ;\n}\n<\/style>\n<div  class='flex_column av-5zi0n5-132fc305032ee0d67b62c65d3f0fab31 av_one_full  avia-builder-el-9  avia-builder-el-no-sibling  first flex_column_div av-zero-column-padding  '     ><p>\n<style type=\"text\/css\" data-created_by=\"avia_inline_auto\" id=\"style-css-av-gub81-9eb951d3b1db05fcaa02199082bf1a08\">\n#top .av_textblock_section.av-gub81-9eb951d3b1db05fcaa02199082bf1a08 .avia_textblock{\ncolor:#000000;\n}\n<\/style>\n<section  class='av_textblock_section av-gub81-9eb951d3b1db05fcaa02199082bf1a08 '   itemscope=\"itemscope\" itemtype=\"https:\/\/schema.org\/CreativeWork\" ><div class='avia_textblock av_inherit_color'  itemprop=\"text\" ><p><strong>S\u00fcdafrika<\/strong><br \/>\nz.B. ab Kapstadt<\/p>\n<\/div><\/section><br \/>\n<div  class='avia-button-wrap av-28shb5-5fde1fe401e7c64f9b147d2e69dc2654-wrap avia-button-center  avia-builder-el-11  el_after_av_textblock  avia-builder-el-last '>\n<style type=\"text\/css\" data-created_by=\"avia_inline_auto\" id=\"style-css-av-28shb5-5fde1fe401e7c64f9b147d2e69dc2654\">\n#top #wrap_all .avia-button.av-28shb5-5fde1fe401e7c64f9b147d2e69dc2654{\nbackground-color:#d40e14;\nborder-color:#d40e14;\ncolor:#ffffff;\ntransition:all 0.4s ease-in-out;\n}\n#top #wrap_all .avia-button.av-28shb5-5fde1fe401e7c64f9b147d2e69dc2654 .avia-svg-icon svg:first-child{\nfill:#ffffff;\nstroke:#ffffff;\n}\n<\/style>\n<a href='https:\/\/www.tuicamper.com\/ibe\/list\/839\/30.06.2026\/839\/07.07.2026\/2\/0\/?lang=de_DE'  class='avia-button av-28shb5-5fde1fe401e7c64f9b147d2e69dc2654 av-link-btn avia-icon_select-no avia-size-small avia-position-center'   aria-label=\"Jetzt buchen\"><span class='avia_iconbox_title' >Jetzt buchen<\/span><\/a><\/div><\/p><\/div>\n<\/div><\/div><\/div><!-- close content main div --><\/div><\/div><div id='after_section_3'  class='main_color av_default_container_wrap container_wrap sidebar_right'  ><div class='container av-section-cont-open' ><div class='template-page content  av-content-small alpha units'><div class='post-entry post-entry-type-page post-entry-8081'><div class='entry-content-wrapper clearfix'><\/p>\n","protected":false},"excerpt":{"rendered":"","protected":false},"author":3,"featured_media":0,"parent":0,"menu_order":0,"comment_status":"closed","ping_status":"closed","template":"","meta":{"footnotes":""},"class_list":["post-8081","page","type-page","status-publish","hentry"],"yoast_head":"<!-- This site is optimized with the Yoast SEO plugin v27.4 - https:\/\/yoast.com\/product\/yoast-seo-wordpress\/ -->\n<title>Aktuelle Wohnmobil-Angebote, Gutscheine und Coupon-Codes f\u00fcr TUI CAMPER<\/title>\n<meta name=\"description\" content=\"Aktuelle Camper-Angebote, Gutscheine und Coupon-Codes f\u00fcr Wohnmobilvermietungen. Die besten TUI CAMPER Angebote.\" \/>\n<meta name=\"robots\" content=\"index, follow, max-snippet:-1, max-image-preview:large, max-video-preview:-1\" \/>\n<link rel=\"canonical\" href=\"https:\/\/www.tuicamper.com\/angebote\/\" \/>\n<meta property=\"og:locale\" content=\"de_DE\" \/>\n<meta property=\"og:type\" content=\"article\" \/>\n<meta property=\"og:title\" content=\"Aktuelle Wohnmobil-Angebote, Gutscheine und Coupon-Codes f\u00fcr TUI CAMPER\" \/>\n<meta property=\"og:description\" content=\"Aktuelle Camper-Angebote, Gutscheine und Coupon-Codes f\u00fcr Wohnmobilvermietungen. Die besten TUI CAMPER Angebote.\" \/>\n<meta property=\"og:url\" content=\"https:\/\/www.tuicamper.com\/angebote\/\" \/>\n<meta property=\"og:site_name\" content=\"TUI Camper Magazin\" \/>\n<meta property=\"article:modified_time\" content=\"2026-05-07T12:28:53+00:00\" \/>\n<meta name=\"twitter:card\" content=\"summary_large_image\" \/>\n<meta name=\"twitter:label1\" content=\"Gesch\u00e4tzte Lesezeit\" \/>\n\t<meta name=\"twitter:data1\" content=\"2\u00a0Minuten\" \/>\n<!-- \/ Yoast SEO plugin. -->","yoast_head_json":{"title":"Aktuelle Wohnmobil-Angebote, Gutscheine und Coupon-Codes f\u00fcr TUI CAMPER","description":"Aktuelle Camper-Angebote, Gutscheine und Coupon-Codes f\u00fcr Wohnmobilvermietungen. Die besten TUI CAMPER Angebote.","robots":{"index":"index","follow":"follow","max-snippet":"max-snippet:-1","max-image-preview":"max-image-preview:large","max-video-preview":"max-video-preview:-1"},"canonical":"https:\/\/www.tuicamper.com\/angebote\/","og_locale":"de_DE","og_type":"article","og_title":"Aktuelle Wohnmobil-Angebote, Gutscheine und Coupon-Codes f\u00fcr TUI CAMPER","og_description":"Aktuelle Camper-Angebote, Gutscheine und Coupon-Codes f\u00fcr Wohnmobilvermietungen. Die besten TUI CAMPER Angebote.","og_url":"https:\/\/www.tuicamper.com\/angebote\/","og_site_name":"TUI Camper Magazin","article_modified_time":"2026-05-07T12:28:53+00:00","twitter_card":"summary_large_image","twitter_misc":{"Gesch\u00e4tzte Lesezeit":"2\u00a0Minuten"},"schema":{"@context":"https:\/\/schema.org","@graph":[{"@type":"WebPage","@id":"https:\/\/www.tuicamper.com\/angebote\/","url":"https:\/\/www.tuicamper.com\/angebote\/","name":"Aktuelle Wohnmobil-Angebote, Gutscheine und Coupon-Codes f\u00fcr TUI CAMPER","isPartOf":{"@id":"https:\/\/www.tuicamper.com\/#website"},"datePublished":"2022-04-25T09:33:57+00:00","dateModified":"2026-05-07T12:28:53+00:00","description":"Aktuelle Camper-Angebote, Gutscheine und Coupon-Codes f\u00fcr Wohnmobilvermietungen. Die besten TUI CAMPER Angebote.","breadcrumb":{"@id":"https:\/\/www.tuicamper.com\/angebote\/#breadcrumb"},"inLanguage":"de","potentialAction":["Array"]},{"@type":"BreadcrumbList","@id":"https:\/\/www.tuicamper.com\/angebote\/#breadcrumb","itemListElement":[{"@type":"ListItem","position":1,"name":"Startseite","item":"https:\/\/www.tuicamper.com\/wp-docker\/"},{"@type":"ListItem","position":2,"name":"Angebote"}]},{"@type":"WebSite","@id":"https:\/\/www.tuicamper.com\/#website","url":"https:\/\/www.tuicamper.com\/","name":"TUI Camper Magazin","description":"","potentialAction":["Array"],"inLanguage":"de"}]}},"_links":{"self":[{"href":"https:\/\/www.tuicamper.com\/wp-docker\/wp-json\/wp\/v2\/pages\/8081","targetHints":{"allow":["GET"]}}],"collection":[{"href":"https:\/\/www.tuicamper.com\/wp-docker\/wp-json\/wp\/v2\/pages"}],"about":[{"href":"https:\/\/www.tuicamper.com\/wp-docker\/wp-json\/wp\/v2\/types\/page"}],"author":[{"embeddable":true,"href":"https:\/\/www.tuicamper.com\/wp-docker\/wp-json\/wp\/v2\/users\/3"}],"replies":[{"embeddable":true,"href":"https:\/\/www.tuicamper.com\/wp-docker\/wp-json\/wp\/v2\/comments?post=8081"}],"version-history":[{"count":626,"href":"https:\/\/www.tuicamper.com\/wp-docker\/wp-json\/wp\/v2\/pages\/8081\/revisions"}],"predecessor-version":[{"id":128776,"href":"https:\/\/www.tuicamper.com\/wp-docker\/wp-json\/wp\/v2\/pages\/8081\/revisions\/128776"}],"wp:attachment":[{"href":"https:\/\/www.tuicamper.com\/wp-docker\/wp-json\/wp\/v2\/media?parent=8081"}],"curies":[{"name":"wp","href":"https:\/\/api.w.org\/{rel}","templated":true}]}}