{"id":8034,"date":"2022-04-25T11:33:20","date_gmt":"2022-04-25T09:33:20","guid":{"rendered":"https:\/\/www.tuicamper.com\/website-nutzungsbedingungen\/"},"modified":"2022-04-25T11:33:20","modified_gmt":"2022-04-25T09:33:20","slug":"website-nutzungsbedingungen","status":"publish","type":"page","link":"https:\/\/www.tuicamper.com\/website-nutzungsbedingungen\/","title":{"rendered":"Website Nutzungsbedingungen"},"content":{"rendered":"<div id='av_section_1'  class='avia-section av-4dn0bm-452ceca5635c056e6450bd4e1e36a9df main_color avia-section-default avia-no-border-styling  avia-builder-el-0  avia-builder-el-no-sibling  avia-bg-style-scroll container_wrap sidebar_right'  ><div class='container av-section-cont-open' ><main  role=\"main\" itemprop=\"mainContentOfPage\"  class='template-page content  av-content-small alpha units'><div class='post-entry post-entry-type-page post-entry-8034'><div class='entry-content-wrapper clearfix'>\n\n<style type=\"text\/css\" data-created_by=\"avia_inline_auto\" id=\"style-css-av-7d78i-9658ef0b850eedb9efb6f346ec9033d9\">\n.flex_column.av-7d78i-9658ef0b850eedb9efb6f346ec9033d9{\nborder-radius:0px 0px 0px 0px;\npadding:0px 0px 0px 0px;\n}\n<\/style>\n<div  class='flex_column av-7d78i-9658ef0b850eedb9efb6f346ec9033d9 av_one_full  avia-builder-el-1  avia-builder-el-no-sibling  first flex_column_div av-zero-column-padding  '     ><section  class='av_textblock_section av-kf6ygep0-eaad6bc4de825a5ad81ed556618d4be0 '   itemscope=\"itemscope\" itemtype=\"https:\/\/schema.org\/CreativeWork\" ><div class='avia_textblock'  itemprop=\"text\" ><div id=\"c3554\" class=\"frame frame-default frame-type-header frame-layout-0\">\n<header>\n<h1 class=\"\">Nutzungsbedingungen f\u00fcr diese Website<\/h1>\n<\/header>\n<\/div>\n<div id=\"c3552\" class=\"frame frame-default frame-type-textmedia frame-layout-0\">\n<div class=\"ce-textpic ce-center ce-above\">\n<div class=\"ce-bodytext\">\n<p>F\u00fcr die von der TUI Deutschland GmbH (TUI) betriebene Webseite www.tuicamper.com (nachfolgend \u201eTUI Webseite\u201c) und die darauf bereitgestellten Dienste gelten ausschlie\u00dflich die nachfolgenden Bestimmungen in der zum Zeitpunkt der Nutzung auf der TUI Webseite vorliegenden Fassung. Durch die Nutzung der TUI Webseite erkl\u00e4ren Sie sich mit diesen Nutzungsbedingungen einverstanden.<\/p>\n<h3><strong>1. Angebotene Dienste<\/strong><\/h3>\n<p>Die TUI Deutschland GmbH unterh\u00e4lt die TUI Website zu dem Zweck, Ihnen die M\u00f6glichkeit zu bieten, das vermittelte Wohnmobilangebot zu pr\u00fcfen sowie Vertr\u00e4ge \u00fcber die Wohnmobilleiistungen zu schlie\u00dfen. F\u00fcr die abgeschlossenen Vertr\u00e4ge gelten zus\u00e4tzliche Bedingungen (z. B. die Nutzungsbedingungen des Partners vor Ort), welche Ihnen im jeweiligen Fall zur Kenntnis gebracht werden.<\/p>\n<h3><strong>2. Nutzung<\/strong><\/h3>\n<p>Bitte beachten Sie, dass die Nutzung der TUI Website immer im Einklang mit den gesetzlichen Bestimmungen, diesen Website-Nutzungsbedingungen und nur zu den vorgenannten Zwecken erfolgen darf.<\/p>\n<p>Die TUI Website steht dem Nutzer nur zur pers\u00f6nlichen Nutzung zur Verf\u00fcgung. Die \u00fcber die Webseiten bezogenen Leistungen von TUI und dritten Anbietern wie z.B. Wohnmobilanbietern, Reiseversicherern, Reiseveranstaltern, Fluggesellschaften etc. d\u00fcrfen vom Nutzer nicht weiterverkauft, -vermittelt oder sonst gegen Entgelt an Dritte weitergereicht werden.<\/p>\n<p>2.1 \u00a0\u00a0 Der Nutzer muss mindestens 18 Jahre alt und voll gesch\u00e4ftsf\u00e4hig sein.<br \/>\n2.2 \u00a0\u00a0 Der Nutzer versichert, dass s\u00e4mtliche Informationen, die er \u00fcber seine Person und\/oder Mitreisende \u00fcber die TUI Webseite zur Verf\u00fcgung stellt, der Wahrheit entsprechen und dass er befugt ist, die Angaben zu machen.<br \/>\n2.3 \u00a0\u00a0 Die TUI Webseite darf ausschlie\u00dflich in gesetzlich zul\u00e4ssiger Weise und nach Ma\u00dfgabe dieser Nutzungsbedingungen zu den angebotenen Zwecken genutzt werden. Es ist insbesondere nicht gestattet,<\/p>\n<ul>\n<li>den Betrieb und die Funktionsweise der TUI Webseite zu st\u00f6ren oder deren Integrit\u00e4t zu beeintr\u00e4chtigen \u2013 beispielsweise durch die Nutzung von Software oder andere IT-Methoden wie z.B. Spidering, Cracking oder Hacking;<\/li>\n<li>Dateien aufzuspielen, die Viren, besch\u00e4digte Dateien, Software oder sonstige Inhalte enthalten, die den Betrieb des Computers eines Dritten beeintr\u00e4chtigen k\u00f6nnten;<\/li>\n<li>\u00fcber die TUI Webseite Inhalte zu kommunizieren oder sonstige Handlungen vorzunehmen, die gegen gesetzliche Verbote oder die guten Sitten versto\u00dfen (z.B. pornografische, volksverhetzende, rassistische oder verfassungswidrige Inhalte, Gewaltdarstellungen, Drohungen, N\u00f6tigungen, Ehrverletzungen oder sonst verwerfliche Inhalte) oder Rechte von TUI oder Dritten (insbesondere Pers\u00f6nlichkeits-, Namensrechte oder Rechte zum Schutze geistigen Eigentums wie z.B. Marken- oder Urheberrechte (dazu auch Ziff. 3)) verletzen;<\/li>\n<li>Die TUI Webseite f\u00fcr sonstige missbr\u00e4uchliche Handlungen zu nutzen.<\/li>\n<\/ul>\n<p>2.4\u00a0\u00a0 \u00a0TUI beh\u00e4lt sich das Recht vor, nach alleinigem Ermessen und ohne Ank\u00fcndigung den Zugang von Nutzern zu der TUI Webseite oder deren Teilen zu verweigern und\/oder den Betrieb der TUI Webseite einzustellen.<br \/>\n2.5\u00a0\u00a0 \u00a0Der Nutzer verpflichtet sich, TUI sowie die mit ihr gem. \u00a7\u00a7 15ff. Aktiengesetz verbundenen Unternehmen, Partnerunternehmen und Mitarbeiter von jeglichen Anspr\u00fcchen Dritter (ein-schlie\u00dflich der Kosten f\u00fcr eine angemessene Rechtsverteidigung oder -verfolgung) auf erstes Anfordern freizustellen, die auf einer nicht vertragsgem\u00e4\u00dfen, missbr\u00e4uchlichen oder sonst rechtswidrigen Nutzung der TUI Webseite und ihrer Inhalte insbesondere einem Versto\u00df gegen diese Nutzungsbedingungen, durch den Nutzer beruhen.<\/p>\n<h3><strong>3. Rechte von TUI an TUI-Inhalten und Software<\/strong><\/h3>\n<p>3.1\u00a0\u00a0 \u00a0S\u00e4mtliche auf der TUI Webseite in Form von Texten, Bildern, Datenbanken, etc. bereitgestellten Informationen, alle Marken, Domainnamen, etc. sowie s\u00e4mtliche weiteren von TUI bereitgestellten Inhalte (\u201eTUI-Inhalte\u201c) stehen im Eigentum und\/oder unterliegen dem Urheberrecht und sonstigen Schutzrechten von TUI oder Dritten, welche TUI entsprechende Nutzungsrechte einger\u00e4umt haben.<br \/>\n3.2\u00a0\u00a0 \u00a0Die Bereitstellung von TUI-Inhalten auf der TUI Webseite beinhaltet keine Einr\u00e4umung einer Lizenz oder eines Nutzungsrechts an gesch\u00fctzten TUI-Inhalten, die \u00fcber die bestimmungsgem\u00e4\u00dfe, Nutzung der Webseite f\u00fcr die in diesen Nutzungsbedingungen bzw. auf der TUI Webseite genannten Zwecke hinausgeht. Eine solche Rechteeinr\u00e4umung bedarf vielmehr eines ausdr\u00fccklichen schriftlichen Einverst\u00e4ndnisses durch den jeweiligen Rechteinhaber.<br \/>\nDie unberechtigte Nutzung, Ver\u00e4nderung, Vervielf\u00e4ltigung, Ver\u00f6ffentlichung\u00a0 oder Weitergabe der TUI-Inhalte ist ausdr\u00fccklich untersagt. Hierzu geh\u00f6rt insbesondere das automatisierte Sammeln, Vergleichen, Vertreiben, Extrahieren oder anderweitige Ver\u00e4ndern, \u00dcbertragen, Wiederverwenden, neu Bereitstellen oder zu Benutzen (insbesondere, aber nicht ausschlie\u00dflich, durch den Einsatz von \u201eRobots\u201c, \u201eSpidern\u201c oder anderweitigen Mechanismen) f\u00fcr \u00f6ffentliche oder gewerbliche Zwecke. Der Zugriff auf die TUI Webseite darf ausschlie\u00dflich \u00fcber die entsprechende Homepage erfolgen. Nicht erlaubt sind die Integration und Darstellung von TUI-Inhalten (auch der Preise) auf fremden Webseiten durch Interlinks, Deep Links oder Frames, ohne vorherige schriftliche Zustimmung der TUI.<br \/>\n3.3\u00a0\u00a0 \u00a0Das vorstehend in dieser Ziff. 3 Gesagte gilt \u2013 soweit anwendbar &#8211; entsprechend f\u00fcr s\u00e4mtliche Software, die TUI im Rahmen der Bereitstellung der Dienste bereith\u00e4lt und\/oder die ansonsten auf oder im Zusammenhang mit der TUI Webseite betrieben und ausschlie\u00dflich zur privaten Nutzung zum Zwecke des Zugriffs, der Darstellung und der vertragsgem\u00e4\u00dfen Nutzung der Dienste bereitgestellt wird. Ebenso ist das Zur\u00fcckverfolgen durch Reverse Engineering, das Dekompilieren und\/oder das Disassemblieren solcher Software verboten.<br \/>\n3.4\u00a0\u00a0 \u00a0TUI wird jede Verletzung ihrer Rechte verfolgen und Beseitigung der Beeintr\u00e4chtigung bei Wiederholungsgefahr Unterlassung verlangen sowie Schadensersatzanspr\u00fcche geltend machen.<\/p>\n<h3><strong>4. Haftungsbeschr\u00e4nkung<\/strong><\/h3>\n<p>Die TUI Webseite stellt ein unverbindliches Informationsangebot dar. Dies gilt auch f\u00fcr die Aktualit\u00e4t, Richtigkeit und Vollst\u00e4ndigkeit von Informationen, die durch Dritte bereitgestellt werden (u. a. Wohnmobil-Partner).<br \/>\nInsbesondere hinsichtlich der Informationen \u00fcber Pass-, Visa-, Stra\u00dfenverkehrs- und Gesundheitsvorschriften (z.B. vorgeschriebene Impfungen) kann die TUI Website nicht f\u00fcr die Aktualit\u00e4t und\/oder Vollst\u00e4ndigkeit der l\u00e4nderspezifischen Informationen haften.<br \/>\nTUI schlie\u00dft ausdr\u00fccklich jegliche Haftung f\u00fcr Sch\u00e4den, die direkt oder indirekt aus der Benutzung der TUI Webseite entstehen, aus, soweit diese nicht auf Vorsatz oder grober Fahrl\u00e4ssigkeit von TUI beruhen.<\/p>\n<h3><strong>5. Verlinkungen zu Webseiten anderer Anbieter<\/strong><\/h3>\n<p>Die TUI Webseite kann Verlinkungen zu Webseiten anderer Anbieter enthalten. TUI \u00fcbernimmt keine Haftung f\u00fcr die Funktionsf\u00e4higkeit der Links oder den Inhalt verlinkter und gelisteter Webseiten, die von anderen Anbietern betrieben werden. Die Nutzung dieser Webseiten erfolgt ausschlie\u00dflich auf Ihr eigenes Risiko.<\/p>\n<h3><strong>6. Datensicherheit und Systemvoraussetzungen, Datenschutz<\/strong><\/h3>\n<p>6.1\u00a0\u00a0 \u00a0TUI verwendet die neueste SSL-Technologie (Secure Socket Layer, SSL), die s\u00e4mtliche Eingaben verschl\u00fcsselt (128-Bit-Verschl\u00fcsselung), bevor Informationen an unsere sicheren Server weitergeleitet werden. Hierdurch wird bei der Buchung und Bezahlung von Fahrzeugbuchungen die Sicherheit von Kreditkartenangaben gew\u00e4hrleistet. Bitte beachten Sie, dass hierf\u00fcr Ihr Browser die SSL-Technologie unterst\u00fctzen muss.<br \/>\n6.2\u00a0\u00a0 \u00a0Informationen zum Umgang mit Ihren personenbezogenen Daten bei der Nutzung der TUI Webseite entnehmen Sie bitte unserer Datenschutzerkl\u00e4rung.<br \/>\n6.3\u00a0\u00a0 \u00a0Sofern keine gesetzlichen Speicherpflichten bestehen, k\u00f6nnen Sie zu jederzeit eine L\u00f6schung der von Ihnen zur Verf\u00fcgung gestellten personenbezogenen Daten durch uns vornehmen lassen. F\u00fcr Fragen, W\u00fcnsche oder Kommentare zum Thema Datenschutz wenden Sie sich bitte per E-Mail an den Datenschutzbeauftragten der TUI Deutschland GmbH: datenschutz@tui.de.<\/p>\n<h3><strong>7. Verf\u00fcgbarkeit der Webseite<\/strong><\/h3>\n<p>7.1\u00a0\u00a0 \u00a0Der Nutzer hat selbst daf\u00fcr zu sorgen, dass sein Computersystem geeignet f\u00fcr die Nutzung der Webseite ist. Wir empfehlen die aktuellsten Versionen der Browser von Chrome, Mozilla Firefox, Safari und Internet Explorer.<\/p>\n<p>7.2\u00a0\u00a0 \u00a0TUI bem\u00fcht sich um eine durchgehende Verf\u00fcgbarkeit und fehlerfreie Funktion der Webseite. Leider werden sich Ausfallzeiten aufgrund von Wartungs- und Servicearbeiten, Aktualisierungen oder der Abh\u00e4ngigkeit von \u00e4u\u00dferen Einfl\u00fcssen z.B. im Rahmen der Fernmeldenetze nicht vollumf\u00e4nglich vermeiden lassen.<\/p>\n<h3><strong>8. Haftungsbeschr\u00e4nkung<\/strong><\/h3>\n<p>8.1\u00a0\u00a0 \u00a0TUI \u00fcbernimmt keine Garantie oder Gew\u00e4hr f\u00fcr die Verf\u00fcgbarkeit und Funktion der Webseite oder der darauf eingestellten Inhalte. TUI beh\u00e4lt sich vor, die Webseite (auch ohne vorherige Ank\u00fcndigung) ganz oder teilweise einzustellen oder den Zugang hierzu ganz oder teilweise einzuschr\u00e4nken, ohne dass hieraus Anspr\u00fcche der Nutzer gegen\u00fcber TUI entstehen.<br \/>\n8.2\u00a0\u00a0 \u00a0F\u00fcr eine Haftung von TUI auf Schadensersatz gelten unbeschadet der sonstigen gesetzlichen Anspruchsvoraussetzungen folgende Haftungsausschl\u00fcsse und Haftungsbegrenzungen:<br \/>\n8.2.1\u00a0\u00a0 \u00a0TUI haftet unbeschr\u00e4nkt, soweit die Schadensursache auf Vorsatz oder grober Fahrl\u00e4ssigkeit beruht. Ferner haftet TUI f\u00fcr die leicht fahrl\u00e4ssige Verletzung von wesentlichen Pflichten, deren Verletzung die Erreichung des Vertragszwecks gef\u00e4hrdet, und f\u00fcr die Verletzung von Pflichten auf deren Einhaltung Vertragspartner regelm\u00e4\u00dfig vertrauen. In diesem Fall haftet TUI jedoch nur f\u00fcr den vorhersehbaren, vertragstypischen Schaden. TUI haftet nicht f\u00fcr die leicht fahrl\u00e4ssige Verletzung anderer als der in den vorstehenden S\u00e4tzen genannten Pflichten.<br \/>\n8.2.2\u00a0\u00a0 \u00a0Die vorstehenden Haftungsbeschr\u00e4nkungen gelten nicht bei Verletzung von Leben, K\u00f6rper und Gesundheit, f\u00fcr einen Mangel nach \u00dcbernahme von Beschaffenheitsgarantien f\u00fcr die Beschaffenheit eines Produktes und bei arglistig verschwiegenen M\u00e4ngeln. Die Haftung nach dem Produkthaftungsgesetz bleibt unber\u00fchrt. Soweit die Haftung von TUI ausgeschlossen oder beschr\u00e4nkt ist, gilt dies auch f\u00fcr die pers\u00f6nliche Haftung ihrer Arbeitnehmer, Vertreter und Erf\u00fcllungsgehilfen.<\/p>\n<h3><strong>9. Schlussbestimmung<\/strong><\/h3>\n<p>9.1\u00a0\u00a0 \u00a0Sofern einzelne oder mehrere Bestimmungen in diesen Bedingungen ganz oder teilweise unwirksam oder ung\u00fcltig sind oder werden, bleibt die Wirksamkeit der \u00fcbrigen Regelungen und Bestimmungen hiervon unber\u00fchrt. Die unwirksame oder ung\u00fcltige Regelung gilt durch eine Regelung ersetzt, die dem Sinn und Zweck der unwirksamen oder ung\u00fcltigen Regelung in rechtwirksamer Weise wirtschaftlich am n\u00e4chsten kommt. Gleiches gilt f\u00fcr eventuelle Regelungsl\u00fccken.<br \/>\n9.2\u00a0\u00a0 \u00a0Streitigkeiten, die im Zusammenhang mit diesen Bedingungen gef\u00fchrt werden unterliegen ausschlie\u00dflich dem Recht der Bundesrepublik Deutschland. Gerichtsstand ist, soweit zul\u00e4ssig, Hannover.<\/p>\n<p>Stand: 06.07.2017<\/p>\n<\/div>\n<\/div>\n<\/div>\n<\/div><\/section><\/div><\/div><\/div><\/main><!-- close content main element --><\/div><\/div><div id='after_section_1'  class='main_color av_default_container_wrap container_wrap sidebar_right'  ><div class='container av-section-cont-open' ><div class='template-page content  av-content-small alpha units'><div class='post-entry post-entry-type-page post-entry-8034'><div class='entry-content-wrapper clearfix'>\n","protected":false},"excerpt":{"rendered":"","protected":false},"author":3,"featured_media":0,"parent":0,"menu_order":0,"comment_status":"closed","ping_status":"closed","template":"","meta":{"footnotes":""},"class_list":["post-8034","page","type-page","status-publish","hentry"],"yoast_head":"<!-- This site is optimized with the Yoast SEO plugin v27.4 - https:\/\/yoast.com\/product\/yoast-seo-wordpress\/ -->\n<title>Website Nutzungsbedingungen - TUI CAMPER<\/title>\n<meta name=\"robots\" content=\"index, follow, max-snippet:-1, max-image-preview:large, max-video-preview:-1\" \/>\n<link rel=\"canonical\" href=\"https:\/\/www.tuicamper.com\/website-nutzungsbedingungen\/\" \/>\n<meta property=\"og:locale\" content=\"de_DE\" \/>\n<meta property=\"og:type\" content=\"article\" \/>\n<meta property=\"og:title\" content=\"Website Nutzungsbedingungen - TUI CAMPER\" \/>\n<meta property=\"og:url\" content=\"https:\/\/www.tuicamper.com\/website-nutzungsbedingungen\/\" \/>\n<meta property=\"og:site_name\" content=\"TUI Camper Magazin\" \/>\n<meta name=\"twitter:card\" content=\"summary_large_image\" \/>\n<meta name=\"twitter:label1\" content=\"Gesch\u00e4tzte Lesezeit\" \/>\n\t<meta name=\"twitter:data1\" content=\"9\u00a0Minuten\" \/>\n<!-- \/ Yoast SEO plugin. -->","yoast_head_json":{"title":"Website Nutzungsbedingungen - TUI CAMPER","robots":{"index":"index","follow":"follow","max-snippet":"max-snippet:-1","max-image-preview":"max-image-preview:large","max-video-preview":"max-video-preview:-1"},"canonical":"https:\/\/www.tuicamper.com\/website-nutzungsbedingungen\/","og_locale":"de_DE","og_type":"article","og_title":"Website Nutzungsbedingungen - TUI CAMPER","og_url":"https:\/\/www.tuicamper.com\/website-nutzungsbedingungen\/","og_site_name":"TUI Camper Magazin","twitter_card":"summary_large_image","twitter_misc":{"Gesch\u00e4tzte Lesezeit":"9\u00a0Minuten"},"schema":{"@context":"https:\/\/schema.org","@graph":[{"@type":"WebPage","@id":"https:\/\/www.tuicamper.com\/website-nutzungsbedingungen\/","url":"https:\/\/www.tuicamper.com\/website-nutzungsbedingungen\/","name":"Website Nutzungsbedingungen - TUI CAMPER","isPartOf":{"@id":"https:\/\/www.tuicamper.com\/#website"},"datePublished":"2022-04-25T09:33:20+00:00","breadcrumb":{"@id":"https:\/\/www.tuicamper.com\/website-nutzungsbedingungen\/#breadcrumb"},"inLanguage":"de","potentialAction":["Array"]},{"@type":"BreadcrumbList","@id":"https:\/\/www.tuicamper.com\/website-nutzungsbedingungen\/#breadcrumb","itemListElement":[{"@type":"ListItem","position":1,"name":"Startseite","item":"https:\/\/www.tuicamper.com\/wp-docker\/"},{"@type":"ListItem","position":2,"name":"Website Nutzungsbedingungen"}]},{"@type":"WebSite","@id":"https:\/\/www.tuicamper.com\/#website","url":"https:\/\/www.tuicamper.com\/","name":"TUI Camper Magazin","description":"","potentialAction":["Array"],"inLanguage":"de"}]}},"_links":{"self":[{"href":"https:\/\/www.tuicamper.com\/wp-docker\/wp-json\/wp\/v2\/pages\/8034","targetHints":{"allow":["GET"]}}],"collection":[{"href":"https:\/\/www.tuicamper.com\/wp-docker\/wp-json\/wp\/v2\/pages"}],"about":[{"href":"https:\/\/www.tuicamper.com\/wp-docker\/wp-json\/wp\/v2\/types\/page"}],"author":[{"embeddable":true,"href":"https:\/\/www.tuicamper.com\/wp-docker\/wp-json\/wp\/v2\/users\/3"}],"replies":[{"embeddable":true,"href":"https:\/\/www.tuicamper.com\/wp-docker\/wp-json\/wp\/v2\/comments?post=8034"}],"version-history":[{"count":0,"href":"https:\/\/www.tuicamper.com\/wp-docker\/wp-json\/wp\/v2\/pages\/8034\/revisions"}],"wp:attachment":[{"href":"https:\/\/www.tuicamper.com\/wp-docker\/wp-json\/wp\/v2\/media?parent=8034"}],"curies":[{"name":"wp","href":"https:\/\/api.w.org\/{rel}","templated":true}]}}