{"id":8033,"date":"2022-04-25T11:33:20","date_gmt":"2022-04-25T09:33:20","guid":{"rendered":"https:\/\/www.tuicamper.com\/vorteile\/"},"modified":"2023-07-03T11:31:39","modified_gmt":"2023-07-03T09:31:39","slug":"vorteile","status":"publish","type":"page","link":"https:\/\/www.tuicamper.com\/vorteile\/","title":{"rendered":"Vorteile"},"content":{"rendered":"\n<style type=\"text\/css\" data-created_by=\"avia_inline_auto\" id=\"style-css-av-l0870qj2-9cf188fac3449c5fdadda2ed581dfd1d\">\n.avia-section.av-l0870qj2-9cf188fac3449c5fdadda2ed581dfd1d{\nbackground-repeat:no-repeat;\nbackground-image:url(https:\/\/www.tuicamper.com\/wp-docker\/wp-content\/uploads\/2022\/04\/vorteile-header-1.jpg);\nbackground-position:50% 50%;\nbackground-attachment:scroll;\nmargin-top:0px;\nmargin-bottom:0px;\n}\n<\/style>\n<div id='av_section_1'  class='avia-section av-l0870qj2-9cf188fac3449c5fdadda2ed581dfd1d main_color avia-section-no-padding avia-no-border-styling  avia-builder-el-0  el_before_av_section  avia-builder-el-first  static-full-header highlight-top-left avia-full-stretch avia-bg-style-scroll container_wrap sidebar_right'  data-section-bg-repeat='stretch'><div class='container av-section-cont-open' ><main  role=\"main\" itemprop=\"mainContentOfPage\"  class='template-page content  av-content-small alpha units'><div class='post-entry post-entry-type-page post-entry-8033'><div class='entry-content-wrapper clearfix'>\n\n<style type=\"text\/css\" data-created_by=\"avia_inline_auto\" id=\"style-css-av-3upf9v-ac725dbe1fcc419386c513a996c9531d\">\n#top .flex_column.av-3upf9v-ac725dbe1fcc419386c513a996c9531d{\nmargin-top:0px;\nmargin-bottom:0px;\n}\n.flex_column.av-3upf9v-ac725dbe1fcc419386c513a996c9531d{\nborder-radius:0px 0px 0px 0px;\npadding:0px 0px 0px 0px;\nbackground-color:rgba(255,255,255,0.6);\n}\n.responsive #top #wrap_all .flex_column.av-3upf9v-ac725dbe1fcc419386c513a996c9531d{\nmargin-top:0px;\nmargin-bottom:0px;\n}\n<\/style>\n<div  class='flex_column av-3upf9v-ac725dbe1fcc419386c513a996c9531d av_one_full  avia-builder-el-1  avia-builder-el-no-sibling  first no_margin flex_column_div av-zero-column-padding  '     ><section  class='av_textblock_section av-2sxwdf-2f4baaaf360571a450a039a3b08b1811 '   itemscope=\"itemscope\" itemtype=\"https:\/\/schema.org\/CreativeWork\" ><div class='avia_textblock highlight-box p-2'  itemprop=\"text\" ><h2 class=\"headline\"><strong>10 gute Gr\u00fcnde<\/strong><\/h2>\n<h3 class=\"sub-headline regular-text\"><strong>f\u00fcr eine Buchung bei TUI CAMPER<\/strong><\/h3>\n<\/div><\/section><\/div>\n\n<\/div><\/div><\/main><!-- close content main element --><\/div><\/div><div id='av_section_2'  class='avia-section av-45vy0j-73a89707596a2d8dc01fce250fcaca96 main_color avia-section-default avia-no-border-styling  avia-builder-el-3  el_after_av_section  avia-builder-el-last  reduced-content avia-bg-style-scroll container_wrap sidebar_right'  ><div class='container av-section-cont-open' ><div class='template-page content  av-content-small alpha units'><div class='post-entry post-entry-type-page post-entry-8033'><div class='entry-content-wrapper clearfix'>\n\n<style type=\"text\/css\" data-created_by=\"avia_inline_auto\" id=\"style-css-av-1wghlv-3365435163114313de27ef952290bfda\">\n.flex_column.av-1wghlv-3365435163114313de27ef952290bfda{\nborder-radius:0px 0px 0px 0px;\npadding:0px 0px 0px 0px;\n}\n<\/style>\n<div  class='flex_column av-1wghlv-3365435163114313de27ef952290bfda av_one_full  avia-builder-el-4  avia-builder-el-no-sibling  first flex_column_div av-zero-column-padding  '     ><section  class='av_textblock_section av-kf6yd4w8-d5763a5a49e7d01de7e09553c486a02b '   itemscope=\"itemscope\" itemtype=\"https:\/\/schema.org\/CreativeWork\" ><div class='avia_textblock'  itemprop=\"text\" ><div id=\"c4014\" class=\"frame frame-default frame-type-textmedia frame-layout-0\">\n<header>\n<div id=\"c4014\" class=\"frame frame-default frame-type-textmedia frame-layout-0\">\n<header>\n<h1 class=\"\">Was sind die Vorteile bei TUI CAMPER?<\/h1>\n<\/header>\n<div class=\"ce-textpic ce-right ce-intext\">\n<div class=\"ce-bodytext\">\n<p>Der Name TUI CAMPER steht f\u00fcr Qualit\u00e4t und Zuverl\u00e4ssigkeit! Profitieren Sie von der Auslese unserer Partner und genie\u00dfen Sie Ihren Urlaub in vollen Z\u00fcgen. F\u00fcr den n\u00f6tigen Versicherungsschutz und eine gro\u00dfe Auswahl an neuen &amp; neuwertigen Fahrzeugen ist gesorgt.<\/p>\n<\/div>\n<\/div>\n<\/div>\n<div id=\"c4684\" class=\"frame frame-default frame-type-textmedia frame-layout-0\">\n<header>\n<h3><strong>Einfache Buchung &amp; transparente Preise<\/strong><\/h3>\n<\/header>\n<div class=\"ce-textpic ce-right ce-intext\">\n<div class=\"ce-bodytext\">\n<p>Als erstes Camper-Portal bietet tuicamper.com einen datums- und destinations\u00fcbergreifenden Angebotsvergleich. Legen Sie einfach mehrere Camper auf den Merkzettel und \u00f6ffnen Sie die tabellarische Vergleichsansicht! Zudem gilt: Sternchentexte und versteckte Kosten gibt es bei uns nicht, Preise und Paketinhalte werden jederzeit transparent dargestellt.<\/p>\n<\/div>\n<\/div>\n<\/div>\n<div id=\"c21675\" class=\"frame frame-default frame-type-text frame-layout-0\">\n<header><\/header>\n<p><strong style=\"font-size: 28px;\"><br \/>\nAll Inclusive Pakete<\/strong><\/p>\n<\/div>\n<div id=\"c4017\" class=\"frame frame-default frame-type-textmedia frame-layout-0\">\n<div class=\"ce-textpic ce-right ce-intext\">\n<div class=\"ce-bodytext\">\n<p>In unseren Paketen ist f\u00fcr jeden Bedarf das richtige dabei! W\u00e4hlen Sie z.B. Ihr pers\u00f6nliches Rundum-Paket &#8211; inklusive Vollkaskoschutz ohne Selbstbeteiligung.<\/p>\n<\/div>\n<\/div>\n<\/div>\n<div id=\"c22635\" class=\"frame frame-default frame-type-textmedia frame-layout-0\">\n<header>\n<h3><strong>Vollkasko ohne Selbstbeteiligung<\/strong><\/h3>\n<\/header>\n<div class=\"ce-textpic ce-center ce-above\">\n<div class=\"ce-bodytext\">\n<p>Wir m\u00f6chten, dass Sie sich sicher f\u00fchlen, auch wenn es doch einmal zu einem Schaden am Camper\/Wohnmobil\u00a0kommt.<br \/>\nDaf\u00fcr sorgen wir mit unserem Versicherungspaket inklusive dem Vollkaskoschutz.\u00a0Dieser<\/p>\n<ul>\n<li>ist entweder ohne Selbstbeteiligung<\/li>\n<li>oder wir erstatten Ihnen\u00a0die\u00a0Selbstbeteiligung<\/li>\n<li>oder enth\u00e4lt den KFZ-Diebstahlschutz<\/li>\n<li>oder deckt Sch\u00e4den an Reifen, Glas, Dach und Unterboden ebenfalls ab<\/li>\n<\/ul>\n<\/div>\n<\/div>\n<\/div>\n<div id=\"c4016\" class=\"frame frame-default frame-type-textmedia frame-layout-0\">\n<header>\n<h3><strong>KFZ-Haftpflichtversicherung<\/strong><\/h3>\n<\/header>\n<div class=\"ce-textpic ce-right ce-intext\">\n<div class=\"ce-bodytext\">\n<p>Reisen Sie weltweit sorglos mit unserem\u00a0Versicherungsschutz! Nahezu all unsere Leistungspakete\u00a0beinhalten\u00a0die KFZ-Haftpflichtversicherung, das hei\u00dft mit einer\u00a0landses\u00fcblichen Haftpflichtdeckungssumme und eine Zusatzhaftpflichtversicherung in H\u00f6he von 7,5 Mio. Euro. Diese sch\u00fctzt Sie mit folgenden Leistungen:<\/p>\n<ul>\n<li>f\u00fcr Personensch\u00e4den<\/li>\n<li>f\u00fcr Sach- und Verm\u00f6genssch\u00e4den gegen\u00fcber Dritten<\/li>\n<li>Zusatzhaftpflicht mit Deckungssumme\u00a0von 7,5 Millionen \u20ac, inkl USA &amp; Kanada<\/li>\n<\/ul>\n<p>Weitere Informationen und die Bedingungen finden Sie \u21d2<strong><a href=\"https:\/\/www.tuicamper.com\/fileadmin\/user_upload\/versicherungsschutz\/Zusatzhaftpflichtversicherungen_Camper.pdf\" target=\"\" rel=\"noopener\">hier<\/a>.<\/strong><\/p>\n<\/div>\n<\/div>\n<\/div>\n<div id=\"c22498\" class=\"frame frame-default frame-type-textmedia frame-layout-0\">\n<header>\n<h2><strong>TUI Vorteile<\/strong><\/h2>\n<\/header>\n<div class=\"ce-textpic ce-right ce-intext\">\n<div class=\"ce-bodytext\">\n<ul>\n<li>24\/7-Hotline<\/li>\n<li>SMS Assistent und professionelles Krisenmanagement f\u00fcr Ihre sichere Reise mit der <strong><a href=\"https:\/\/my.tui.com\/\">MY TUI<\/a> App<\/strong><\/li>\n<\/ul>\n<\/div>\n<\/div>\n<\/div>\n<div id=\"c4022\" class=\"frame frame-default frame-type-textmedia frame-layout-0\">\n<header>\n<h3><strong>TUI Sicherheits- und Krisenmanagement<\/strong><\/h3>\n<\/header>\n<div class=\"ce-textpic ce-right ce-intext\">\n<div class=\"ce-bodytext\">\n<p>Ihre Sicherheit steht f\u00fcr uns an erster Stelle. Ein umfassendes und professionelles Sicherheits- und Krisenmanagement ist daher fester Bestandteil unseres t\u00e4glichen Handelns. Technisch gest\u00fctzt wird das Krisenmanagement der TUI durch den Alarmierungs- und Krisenmanagementdienst Fact24, der eine schnellstm\u00f6gliche telefonische Alarmierung des Krisenstabs und des Emergency Care- Teams garantiert.<\/p>\n<\/div>\n<\/div>\n<\/div>\n<div id=\"c4015\" class=\"frame frame-default frame-type-textmedia frame-layout-0\">\n<header>\n<h3><strong>Renommierte Partner weltweit<\/strong><\/h3>\n<\/header>\n<div class=\"ce-textpic ce-right ce-intext\">\n<div class=\"ce-bodytext\">\n<p>Profitieren Sie von sorgf\u00e4ltig ausgew\u00e4hlten Leistungstr\u00e4gern, die stets f\u00fcr Qualit\u00e4t, Verl\u00e4sslichkeit und besten Service sorgen. Die langj\u00e4hrigen Partnerschaften sind Zeugnis unserer exklusiven Auslese und ein Zeichen f\u00fcr Verantwortung dem Kunden gegen\u00fcber.<\/p>\n<\/div>\n<\/div>\n<\/div>\n<div id=\"c4018\" class=\"frame frame-default frame-type-textmedia frame-layout-0\">\n<header>\n<h3><strong>Reisemobiltypen<\/strong><\/h3>\n<\/header>\n<div class=\"ce-textpic ce-right ce-intext\">\n<div class=\"ce-bodytext\">\n<p>Wir bieten Ihnen eine gro\u00dfe Auswahl an Reisemobiltypen, Mietstationen und Einwegmieten \u2013 entscheiden Sie wann und wo Ihr Urlaub beginnt.<\/p>\n<\/div>\n<\/div>\n<\/div>\n<div id=\"c4019\" class=\"frame frame-default frame-type-textmedia frame-layout-0\">\n<header>\n<h3><strong>Einwegmiete<\/strong><\/h3>\n<\/header>\n<div class=\"ce-textpic ce-right ce-intext\">\n<div class=\"ce-bodytext\">\n<p>Sie m\u00f6chten gerne Ihren Camper an einem anderen Ort abgeben? Kein Problem, ob\u00a0<a href=\"https:\/\/www.tuicamper.com\/magazin\/einwegmieten\/\" target=\"_self\" rel=\"noopener\">Einwegmieten<\/a>\u00a0oder Extras, bei uns sind Zusatzleistungen bequem zubuchbar.<\/p>\n<\/div>\n<\/div>\n<\/div>\n<div id=\"c19644\" class=\"frame frame-default frame-type-textmedia frame-layout-0\">\n<header>\n<h3><strong>Online Check-In<\/strong><\/h3>\n<\/header>\n<div class=\"ce-textpic ce-right ce-intext\">\n<div class=\"ce-bodytext\">\n<p>Checken Sie bequem bereits von Zuhause aus ein und sparen Sie wertvolle Zeit in Ihrem Camper-Urlaub. Auf der Seite\u00a0<a href=\"https:\/\/www.tuicamper.com\/online-check-in\/\">Online Check-In<\/a>\u00a0finden Sie eine Liste unserer Partner, bei denen ein Online Check-In m\u00f6glich ist.<\/p>\n<\/div>\n<\/div>\n<\/div>\n<div id=\"c4020\" class=\"frame frame-default frame-type-textmedia frame-layout-0\">\n<header>\n<h3><strong>Fr\u00fchbucher-Rabatt &amp; Relocation<\/strong><\/h3>\n<\/header>\n<div class=\"ce-textpic ce-right ce-intext\">\n<div class=\"ce-bodytext\">\n<p>Buchen Sie zeitig und sparen Sie bares Geld! Profitieren Sie von unseren attraktiven\u00a0<a href=\"https:\/\/www.tuicamper.com\/angebote\/\">Fr\u00fchbucherangeboten<\/a>! Gelgentlich bieten wir \u00fcberdies\u00a0<a href=\"https:\/\/www.tuicamper.com\/angebote\/relocation\/\">Relocation-Angebote<\/a>\u00a0an.<\/p>\n<\/div>\n<\/div>\n<\/div>\n<div id=\"c4021\" class=\"frame frame-default frame-type-textmedia frame-layout-0\">\n<header>\n<h3><strong>Langzeiterm\u00e4\u00dfigung<\/strong><\/h3>\n<\/header>\n<div class=\"ce-textpic ce-right ce-intext\">\n<div class=\"ce-bodytext\">\n<p>Und falls Ihr Urlaub mal etwas l\u00e4nger dauern sollte, freuen Sie sich \u00fcber eine Ersparnis durch Langzeiterm\u00e4\u00dfigung.<\/p>\n<\/div>\n<\/div>\n<\/div>\n<div id=\"c4023\" class=\"frame frame-default frame-type-textmedia frame-layout-0\">\n<header>\n<h3><strong>TUI Vielfalt &#8211; Verl\u00e4ngern Sie Ihren Urlaub<\/strong><\/h3>\n<\/header>\n<div class=\"ce-textpic ce-right ce-intext\">\n<div class=\"ce-bodytext\">\n<p>Kombinieren Sie Ihre Camper-Tour nach der Buchung im Kundenportal\u00a0<i>Meine TUI<\/i>\u00a0mit unserem vielf\u00e4ltigen Angebot an Fl\u00fcgen, Hotels, F\u00e4hren und weiteren Bausteinprodukten. Wenn Sie m\u00f6gen, verl\u00e4ngern Sie Ihre Erlebnistour mit einem Badeurlaub an den sch\u00f6nsten K\u00fcsten und Str\u00e4nden. Quirlige Metropolen laden zu Stadtleben und auf Kulturmeilen ein.<\/p>\n<\/div>\n<\/div>\n<\/div>\n<\/header>\n<\/div>\n<div id=\"c17153\" class=\"frame frame-default frame-type-textmedia frame-layout-0\">\n<div class=\"ce-textpic ce-right ce-intext\">\n<div class=\"ce-bodytext\"><\/div>\n<\/div>\n<\/div>\n<\/div><\/section><\/div><\/div><\/div><\/div><!-- close content main div --><\/div><\/div><div id='after_section_2'  class='main_color av_default_container_wrap container_wrap sidebar_right'  ><div class='container av-section-cont-open' ><div class='template-page content  av-content-small alpha units'><div class='post-entry post-entry-type-page post-entry-8033'><div class='entry-content-wrapper clearfix'>\n","protected":false},"excerpt":{"rendered":"","protected":false},"author":3,"featured_media":0,"parent":0,"menu_order":0,"comment_status":"closed","ping_status":"closed","template":"","meta":{"footnotes":""},"class_list":["post-8033","page","type-page","status-publish","hentry"],"yoast_head":"<!-- This site is optimized with the Yoast SEO plugin v27.4 - https:\/\/yoast.com\/product\/yoast-seo-wordpress\/ -->\n<title>Ihre Vorteile bei unseren Camper-Angeboten \u2013 TUI CAMPER<\/title>\n<meta name=\"description\" content=\"Profitieren Sie von Fr\u00fchbucher-Rabatten, erstklassigen Fahrzeugen und Rundum-Sorglos-Paketen f\u00fcr einen unbeschwerten Wohnmobil-Urlaub.\" \/>\n<meta name=\"robots\" content=\"index, follow, max-snippet:-1, max-image-preview:large, max-video-preview:-1\" \/>\n<link rel=\"canonical\" href=\"https:\/\/www.tuicamper.com\/vorteile\/\" \/>\n<meta property=\"og:locale\" content=\"de_DE\" \/>\n<meta property=\"og:type\" content=\"article\" \/>\n<meta property=\"og:title\" content=\"Ihre Vorteile bei unseren Camper-Angeboten \u2013 TUI CAMPER\" \/>\n<meta property=\"og:description\" content=\"Profitieren Sie von Fr\u00fchbucher-Rabatten, erstklassigen Fahrzeugen und Rundum-Sorglos-Paketen f\u00fcr einen unbeschwerten Wohnmobil-Urlaub.\" \/>\n<meta property=\"og:url\" content=\"https:\/\/www.tuicamper.com\/vorteile\/\" \/>\n<meta property=\"og:site_name\" content=\"TUI Camper Magazin\" \/>\n<meta property=\"article:modified_time\" content=\"2023-07-03T09:31:39+00:00\" \/>\n<meta name=\"twitter:card\" content=\"summary_large_image\" \/>\n<meta name=\"twitter:label1\" content=\"Gesch\u00e4tzte Lesezeit\" \/>\n\t<meta name=\"twitter:data1\" content=\"5\u00a0Minuten\" \/>\n<!-- \/ Yoast SEO plugin. -->","yoast_head_json":{"title":"Ihre Vorteile bei unseren Camper-Angeboten \u2013 TUI CAMPER","description":"Profitieren Sie von Fr\u00fchbucher-Rabatten, erstklassigen Fahrzeugen und Rundum-Sorglos-Paketen f\u00fcr einen unbeschwerten Wohnmobil-Urlaub.","robots":{"index":"index","follow":"follow","max-snippet":"max-snippet:-1","max-image-preview":"max-image-preview:large","max-video-preview":"max-video-preview:-1"},"canonical":"https:\/\/www.tuicamper.com\/vorteile\/","og_locale":"de_DE","og_type":"article","og_title":"Ihre Vorteile bei unseren Camper-Angeboten \u2013 TUI CAMPER","og_description":"Profitieren Sie von Fr\u00fchbucher-Rabatten, erstklassigen Fahrzeugen und Rundum-Sorglos-Paketen f\u00fcr einen unbeschwerten Wohnmobil-Urlaub.","og_url":"https:\/\/www.tuicamper.com\/vorteile\/","og_site_name":"TUI Camper Magazin","article_modified_time":"2023-07-03T09:31:39+00:00","twitter_card":"summary_large_image","twitter_misc":{"Gesch\u00e4tzte Lesezeit":"5\u00a0Minuten"},"schema":{"@context":"https:\/\/schema.org","@graph":[{"@type":"WebPage","@id":"https:\/\/www.tuicamper.com\/vorteile\/","url":"https:\/\/www.tuicamper.com\/vorteile\/","name":"Ihre Vorteile bei unseren Camper-Angeboten \u2013 TUI CAMPER","isPartOf":{"@id":"https:\/\/www.tuicamper.com\/#website"},"datePublished":"2022-04-25T09:33:20+00:00","dateModified":"2023-07-03T09:31:39+00:00","description":"Profitieren Sie von Fr\u00fchbucher-Rabatten, erstklassigen Fahrzeugen und Rundum-Sorglos-Paketen f\u00fcr einen unbeschwerten Wohnmobil-Urlaub.","breadcrumb":{"@id":"https:\/\/www.tuicamper.com\/vorteile\/#breadcrumb"},"inLanguage":"de","potentialAction":["Array"]},{"@type":"BreadcrumbList","@id":"https:\/\/www.tuicamper.com\/vorteile\/#breadcrumb","itemListElement":[{"@type":"ListItem","position":1,"name":"Startseite","item":"https:\/\/www.tuicamper.com\/wp-docker\/"},{"@type":"ListItem","position":2,"name":"Vorteile"}]},{"@type":"WebSite","@id":"https:\/\/www.tuicamper.com\/#website","url":"https:\/\/www.tuicamper.com\/","name":"TUI Camper Magazin","description":"","potentialAction":["Array"],"inLanguage":"de"}]}},"_links":{"self":[{"href":"https:\/\/www.tuicamper.com\/wp-docker\/wp-json\/wp\/v2\/pages\/8033","targetHints":{"allow":["GET"]}}],"collection":[{"href":"https:\/\/www.tuicamper.com\/wp-docker\/wp-json\/wp\/v2\/pages"}],"about":[{"href":"https:\/\/www.tuicamper.com\/wp-docker\/wp-json\/wp\/v2\/types\/page"}],"author":[{"embeddable":true,"href":"https:\/\/www.tuicamper.com\/wp-docker\/wp-json\/wp\/v2\/users\/3"}],"replies":[{"embeddable":true,"href":"https:\/\/www.tuicamper.com\/wp-docker\/wp-json\/wp\/v2\/comments?post=8033"}],"version-history":[{"count":8,"href":"https:\/\/www.tuicamper.com\/wp-docker\/wp-json\/wp\/v2\/pages\/8033\/revisions"}],"predecessor-version":[{"id":106878,"href":"https:\/\/www.tuicamper.com\/wp-docker\/wp-json\/wp\/v2\/pages\/8033\/revisions\/106878"}],"wp:attachment":[{"href":"https:\/\/www.tuicamper.com\/wp-docker\/wp-json\/wp\/v2\/media?parent=8033"}],"curies":[{"name":"wp","href":"https:\/\/api.w.org\/{rel}","templated":true}]}}