{"id":8022,"date":"2022-04-25T11:33:20","date_gmt":"2022-04-25T09:33:20","guid":{"rendered":"https:\/\/www.tuicamper.com\/landyachting\/"},"modified":"2024-10-23T21:29:07","modified_gmt":"2024-10-23T19:29:07","slug":"landyachting","status":"publish","type":"page","link":"https:\/\/www.tuicamper.com\/fahrzeuge\/landyachting\/","title":{"rendered":"Landyachting"},"content":{"rendered":"\n<style type=\"text\/css\" data-created_by=\"avia_inline_auto\" id=\"style-css-av-l02i9ok3-02b3d21848ea07a55dbbe422b1566ab9\">\n.avia-section.av-l02i9ok3-02b3d21848ea07a55dbbe422b1566ab9{\nbackground-repeat:no-repeat;\nbackground-image:url(https:\/\/www.tuicamper.com\/wp-docker\/wp-content\/uploads\/2022\/04\/landyachting-header.jpg);\nbackground-position:50% 100%;\nbackground-attachment:scroll;\nmargin-top:0px;\nmargin-bottom:0px;\n}\n<\/style>\n<div id='av_section_1'  class='avia-section av-l02i9ok3-02b3d21848ea07a55dbbe422b1566ab9 main_color avia-section-no-padding avia-no-border-styling  avia-builder-el-0  el_before_av_section  avia-builder-el-first  static-full-header highlight-top-left avia-full-stretch avia-bg-style-scroll container_wrap sidebar_right'  data-section-bg-repeat='stretch'><div class='container av-section-cont-open' ><main  role=\"main\" itemprop=\"mainContentOfPage\"  class='template-page content  av-content-small alpha units'><div class='post-entry post-entry-type-page post-entry-8022'><div class='entry-content-wrapper clearfix'>\n\n<style type=\"text\/css\" data-created_by=\"avia_inline_auto\" id=\"style-css-av-2syysm-f048d036138137cc6bc1eafec81fa17c\">\n#top .flex_column.av-2syysm-f048d036138137cc6bc1eafec81fa17c{\nmargin-top:0px;\nmargin-bottom:0px;\n}\n.flex_column.av-2syysm-f048d036138137cc6bc1eafec81fa17c{\nborder-radius:0px 0px 0px 0px;\npadding:0px 0px 0px 0px;\nbackground-color:rgba(255,255,255,0.6);\n}\n.responsive #top #wrap_all .flex_column.av-2syysm-f048d036138137cc6bc1eafec81fa17c{\nmargin-top:0px;\nmargin-bottom:0px;\n}\n<\/style>\n<div  class='flex_column av-2syysm-f048d036138137cc6bc1eafec81fa17c av_one_full  avia-builder-el-1  avia-builder-el-no-sibling  first no_margin flex_column_div av-zero-column-padding  '     ><section  class='av_textblock_section av-l02i8nd4-520d5e3ccba35f036a66f4104da2fbbe '   itemscope=\"itemscope\" itemtype=\"https:\/\/schema.org\/CreativeWork\" ><div class='avia_textblock highlight-box p-2'  itemprop=\"text\" ><h2><strong>Luxus-Camping<\/strong><\/h2>\n<div class=\"sub-headline\">Unterwegs mit der Yacht auf vier R\u00e4dern<\/div>\n<\/div><\/section><\/div>\n\n<\/div><\/div><\/main><!-- close content main element --><\/div><\/div><div id='av_section_2'  class='avia-section av-kf5dydor-eed2d57ea5e0cb477d3342039b4eb177 main_color avia-section-default avia-no-border-styling  avia-builder-el-3  el_after_av_section  el_before_av_section  reduced-content avia-bg-style-scroll container_wrap sidebar_right'  ><div class='container av-section-cont-open' ><div class='template-page content  av-content-small alpha units'><div class='post-entry post-entry-type-page post-entry-8022'><div class='entry-content-wrapper clearfix'>\n\n<style type=\"text\/css\" data-created_by=\"avia_inline_auto\" id=\"style-css-av-3vwabq-68162061a474cf099a5ce2f3ee0695d0\">\n.flex_column.av-3vwabq-68162061a474cf099a5ce2f3ee0695d0{\nborder-radius:0px 0px 0px 0px;\npadding:0px 0px 0px 0px;\n}\n<\/style>\n<div  class='flex_column av-3vwabq-68162061a474cf099a5ce2f3ee0695d0 av_one_full  avia-builder-el-4  avia-builder-el-no-sibling  first flex_column_div av-zero-column-padding  '     ><section  class='av_textblock_section av-kf5e0qit-fa608faf975f541f4f7b8b08bacb5b63 '   itemscope=\"itemscope\" itemtype=\"https:\/\/schema.org\/CreativeWork\" ><div class='avia_textblock'  itemprop=\"text\" ><h1>Landyachting mit TUI Camper \u2013 Luxus Wohnmobile vom Marktf\u00fchrer<\/h1>\n<\/div><\/section><br \/>\n<section  class='av_textblock_section av-kf5e0qit-6-c26e7a822a294bd44430f33b92789006 '   itemscope=\"itemscope\" itemtype=\"https:\/\/schema.org\/CreativeWork\" ><div class='avia_textblock'  itemprop=\"text\" ><h3><strong>Ihre Yacht auf vier R\u00e4dern &#8211; komfortabel wie nie zuvor<\/strong><\/h3>\n<p>Modern, exklusiv und unabh\u00e4ngig. Mit TUI CAMPER k\u00f6nnen Sie weltweit die sch\u00f6nsten Orte erkunden. In einer modernen Landyacht gleiten Sie komfortabel \u00fcber die Stra\u00dfen und genie\u00dfen die Vorz\u00fcge exquisiter Wohnr\u00e4ume mit hochwertiger Ausstattung. G\u00f6nnen Sie sich eine Landyacht und erleben Sie Ihren Urlaub mit erstklassigem Komfort im Wohnmobil der Edelklasse. Entdecken Sie mit uns beeindruckende Routen durch reizvolle Landschaften und genie\u00dfen Sie grenzenlose Freiheit mit Exklusivit\u00e4t, Qualit\u00e4t und Komfort. Ihr Luxus-Wohnmobil mieten Sie schnell und einfach bei TUI CAMPER!<\/p>\n<\/div><\/section><\/p><\/div><\/div><\/div><\/div><!-- close content main div --><\/div><\/div><div id='av_section_3'  class='avia-section av-kf5dydor-8-e65a2e2a45034a8dcc38b8f78aa4faac main_color avia-section-default avia-no-border-styling  avia-builder-el-7  el_after_av_section  el_before_av_section  reduced-content avia-bg-style-scroll container_wrap sidebar_right'  ><div class='container av-section-cont-open' ><div class='template-page content  av-content-small alpha units'><div class='post-entry post-entry-type-page post-entry-8022'><div class='entry-content-wrapper clearfix'>\n\n<style type=\"text\/css\" data-created_by=\"avia_inline_auto\" id=\"style-css-av-3vwabq-7-9aad33dbce9ddaf582fcdc8ead07d785\">\n.flex_column.av-3vwabq-7-9aad33dbce9ddaf582fcdc8ead07d785{\nborder-radius:0px 0px 0px 0px;\npadding:0px 0px 0px 0px;\n}\n<\/style>\n<div  class='flex_column av-3vwabq-7-9aad33dbce9ddaf582fcdc8ead07d785 av_one_full  avia-builder-el-8  avia-builder-el-no-sibling  first flex_column_div av-zero-column-padding  '     ><section  class='av_textblock_section av-kf5e0qit-5-8cc66607b69f862c984c26a238d21330 '   itemscope=\"itemscope\" itemtype=\"https:\/\/schema.org\/CreativeWork\" ><div class='avia_textblock'  itemprop=\"text\" ><h3>NEU: 360\u00b0 Blick! Klicken Sie auf das Bild und bewegen Sie Ihren Cursor<\/h3>\n<\/div><\/section><br \/>\n<\/p><\/div>\n<\/p>\n<\/div><\/div><\/div><!-- close content main div --><\/div><\/div><div id='av_section_4'  class='avia-section av-kf5dydor-4-8f28c14fdccd03cdbe09bf9e68c9cfef main_color avia-section-default avia-no-border-styling  avia-builder-el-11  el_after_av_section  avia-builder-el-last  reduced-content avia-bg-style-scroll container_wrap sidebar_right'  ><div class='container av-section-cont-open' ><div class='template-page content  av-content-small alpha units'><div class='post-entry post-entry-type-page post-entry-8022'><div class='entry-content-wrapper clearfix'>\n\n<style type=\"text\/css\" data-created_by=\"avia_inline_auto\" id=\"style-css-av-3vwabq-3-fa2df968f06d7d1b4a4f19a827112851\">\n.flex_column.av-3vwabq-3-fa2df968f06d7d1b4a4f19a827112851{\nborder-radius:0px 0px 0px 0px;\npadding:0px 0px 0px 0px;\n}\n<\/style>\n<div  class='flex_column av-3vwabq-3-fa2df968f06d7d1b4a4f19a827112851 av_one_full  avia-builder-el-12  avia-builder-el-no-sibling  first flex_column_div av-zero-column-padding  '     ><section  class='av_textblock_section av-kf5e0qit-2-79d044ba17631b080d33d47fb30a361e '   itemscope=\"itemscope\" itemtype=\"https:\/\/schema.org\/CreativeWork\" ><div class='avia_textblock'  itemprop=\"text\" ><header>\n<h3><strong>LandYachting &#8211; das Magazin<\/strong><\/h3>\n<\/header>\n<\/div><\/section><br \/>\n<section  class='av_textblock_section av-kf5e0qit-1-a03faacd3690b511574010dc4773e48b '   itemscope=\"itemscope\" itemtype=\"https:\/\/schema.org\/CreativeWork\" ><div class='avia_textblock'  itemprop=\"text\" ><p>\u201eModerne Reisemobile stehen in Ausstattung und Komfort einer Yacht mittlerweile in nichts nach, so dass man mit Fug und Recht behaupten kann, der Kapit\u00e4n einer Landyacht zu sein. Besonders wichtig ist es uns, f\u00fcr Sie die sch\u00f6nsten Destinationen ausfindig zu machen und besonders exquisite \u00dcbernachtungsm\u00f6glichkeiten zu pr\u00e4sentieren.\u201c<\/p>\n<p>Mehr \u00fcber das Magazin und das Thema Landyachting finden Sie auf\u00a0<a href=\"http:\/\/landyachting.de\/\" target=\"_blank\" rel=\"noopener\">landyachting.de<\/a><\/p>\n<\/div><\/section><\/p><\/div>\n<\/div><\/div><\/div><!-- close content main div --><\/div><\/div><div id='after_section_4'  class='main_color av_default_container_wrap container_wrap sidebar_right'  ><div class='container av-section-cont-open' ><div class='template-page content  av-content-small alpha units'><div class='post-entry post-entry-type-page post-entry-8022'><div class='entry-content-wrapper clearfix'>\n","protected":false},"excerpt":{"rendered":"","protected":false},"author":3,"featured_media":0,"parent":8021,"menu_order":0,"comment_status":"closed","ping_status":"closed","template":"","meta":{"footnotes":""},"class_list":["post-8022","page","type-page","status-publish","hentry"],"yoast_head":"<!-- This site is optimized with the Yoast SEO plugin v27.4 - https:\/\/yoast.com\/product\/yoast-seo-wordpress\/ -->\n<title>Landyachting Luxus Wohnmobile bei TUI CAMPER<\/title>\n<meta name=\"description\" content=\"In einer modernen Landyacht gleiten Sie komfortabel \u00fcber die Stra\u00dfen und genie\u00dfen die Vorz\u00fcge exquisiter Wohnr\u00e4ume mit hochwertiger Ausstattung. Lassen Sie sich inspirieren\" \/>\n<meta name=\"robots\" content=\"index, follow, max-snippet:-1, max-image-preview:large, max-video-preview:-1\" \/>\n<link rel=\"canonical\" href=\"https:\/\/www.tuicamper.com\/magazin\/luxus-wohnmobil-mieten\/\" \/>\n<meta property=\"og:locale\" content=\"de_DE\" \/>\n<meta property=\"og:type\" content=\"article\" \/>\n<meta property=\"og:title\" content=\"Landyachting Luxus Wohnmobile bei TUI CAMPER\" \/>\n<meta property=\"og:description\" content=\"In einer modernen Landyacht gleiten Sie komfortabel \u00fcber die Stra\u00dfen und genie\u00dfen die Vorz\u00fcge exquisiter Wohnr\u00e4ume mit hochwertiger Ausstattung. Lassen Sie sich inspirieren\" \/>\n<meta property=\"og:url\" content=\"https:\/\/www.tuicamper.com\/magazin\/luxus-wohnmobil-mieten\/\" \/>\n<meta property=\"og:site_name\" content=\"TUI Camper Magazin\" \/>\n<meta property=\"article:modified_time\" content=\"2024-10-23T19:29:07+00:00\" \/>\n<meta name=\"twitter:card\" content=\"summary_large_image\" \/>\n<meta name=\"twitter:label1\" content=\"Gesch\u00e4tzte Lesezeit\" \/>\n\t<meta name=\"twitter:data1\" content=\"1\u00a0Minute\" \/>\n<!-- \/ Yoast SEO plugin. -->","yoast_head_json":{"title":"Landyachting Luxus Wohnmobile bei TUI CAMPER","description":"In einer modernen Landyacht gleiten Sie komfortabel \u00fcber die Stra\u00dfen und genie\u00dfen die Vorz\u00fcge exquisiter Wohnr\u00e4ume mit hochwertiger Ausstattung. Lassen Sie sich inspirieren","robots":{"index":"index","follow":"follow","max-snippet":"max-snippet:-1","max-image-preview":"max-image-preview:large","max-video-preview":"max-video-preview:-1"},"canonical":"https:\/\/www.tuicamper.com\/magazin\/luxus-wohnmobil-mieten\/","og_locale":"de_DE","og_type":"article","og_title":"Landyachting Luxus Wohnmobile bei TUI CAMPER","og_description":"In einer modernen Landyacht gleiten Sie komfortabel \u00fcber die Stra\u00dfen und genie\u00dfen die Vorz\u00fcge exquisiter Wohnr\u00e4ume mit hochwertiger Ausstattung. Lassen Sie sich inspirieren","og_url":"https:\/\/www.tuicamper.com\/magazin\/luxus-wohnmobil-mieten\/","og_site_name":"TUI Camper Magazin","article_modified_time":"2024-10-23T19:29:07+00:00","twitter_card":"summary_large_image","twitter_misc":{"Gesch\u00e4tzte Lesezeit":"1\u00a0Minute"},"schema":{"@context":"https:\/\/schema.org","@graph":[{"@type":"WebPage","@id":"https:\/\/www.tuicamper.com\/fahrzeuge\/landyachting\/","url":"https:\/\/www.tuicamper.com\/magazin\/luxus-wohnmobil-mieten\/","name":"Landyachting Luxus Wohnmobile bei TUI CAMPER","isPartOf":{"@id":"https:\/\/www.tuicamper.com\/#website"},"datePublished":"2022-04-25T09:33:20+00:00","dateModified":"2024-10-23T19:29:07+00:00","description":"In einer modernen Landyacht gleiten Sie komfortabel \u00fcber die Stra\u00dfen und genie\u00dfen die Vorz\u00fcge exquisiter Wohnr\u00e4ume mit hochwertiger Ausstattung. Lassen Sie sich inspirieren","breadcrumb":{"@id":"https:\/\/www.tuicamper.com\/magazin\/luxus-wohnmobil-mieten\/#breadcrumb"},"inLanguage":"de","potentialAction":["Array"]},{"@type":"BreadcrumbList","@id":"https:\/\/www.tuicamper.com\/magazin\/luxus-wohnmobil-mieten\/#breadcrumb","itemListElement":[{"@type":"ListItem","position":1,"name":"Startseite","item":"https:\/\/www.tuicamper.com\/wp-docker\/"},{"@type":"ListItem","position":2,"name":"Fahrzeuge","item":"https:\/\/www.tuicamper.com\/fahrzeuge\/"},{"@type":"ListItem","position":3,"name":"Landyachting"}]},{"@type":"WebSite","@id":"https:\/\/www.tuicamper.com\/#website","url":"https:\/\/www.tuicamper.com\/","name":"TUI Camper Magazin","description":"","potentialAction":["Array"],"inLanguage":"de"}]}},"_links":{"self":[{"href":"https:\/\/www.tuicamper.com\/wp-docker\/wp-json\/wp\/v2\/pages\/8022","targetHints":{"allow":["GET"]}}],"collection":[{"href":"https:\/\/www.tuicamper.com\/wp-docker\/wp-json\/wp\/v2\/pages"}],"about":[{"href":"https:\/\/www.tuicamper.com\/wp-docker\/wp-json\/wp\/v2\/types\/page"}],"author":[{"embeddable":true,"href":"https:\/\/www.tuicamper.com\/wp-docker\/wp-json\/wp\/v2\/users\/3"}],"replies":[{"embeddable":true,"href":"https:\/\/www.tuicamper.com\/wp-docker\/wp-json\/wp\/v2\/comments?post=8022"}],"version-history":[{"count":5,"href":"https:\/\/www.tuicamper.com\/wp-docker\/wp-json\/wp\/v2\/pages\/8022\/revisions"}],"predecessor-version":[{"id":90131,"href":"https:\/\/www.tuicamper.com\/wp-docker\/wp-json\/wp\/v2\/pages\/8022\/revisions\/90131"}],"up":[{"embeddable":true,"href":"https:\/\/www.tuicamper.com\/wp-docker\/wp-json\/wp\/v2\/pages\/8021"}],"wp:attachment":[{"href":"https:\/\/www.tuicamper.com\/wp-docker\/wp-json\/wp\/v2\/media?parent=8022"}],"curies":[{"name":"wp","href":"https:\/\/api.w.org\/{rel}","templated":true}]}}