{"id":8019,"date":"2022-04-25T11:33:20","date_gmt":"2022-04-25T09:33:20","guid":{"rendered":"https:\/\/www.tuicamper.com\/tui-protect\/"},"modified":"2022-04-25T12:01:45","modified_gmt":"2022-04-25T10:01:45","slug":"tui-protect","status":"publish","type":"page","link":"https:\/\/www.tuicamper.com\/tui-protect\/","title":{"rendered":"TUI Protect"},"content":{"rendered":"\n<style type=\"text\/css\" data-created_by=\"avia_inline_auto\" id=\"style-css-av-l02h9gip-9eef2d27a9254b72e45e094eb1aa1e23\">\n.avia-section.av-l02h9gip-9eef2d27a9254b72e45e094eb1aa1e23{\nbackground-repeat:no-repeat;\nbackground-image:url(https:\/\/www.tuicamper.com\/wp-docker\/wp-content\/uploads\/2022\/04\/tui-protect-header.jpg);\nbackground-position:0% 50%;\nbackground-attachment:scroll;\nmargin-top:0px;\nmargin-bottom:0px;\n}\n<\/style>\n<div id='av_section_1'  class='avia-section av-l02h9gip-9eef2d27a9254b72e45e094eb1aa1e23 main_color avia-section-no-padding avia-no-border-styling  avia-builder-el-0  el_before_av_section  avia-builder-el-first  static-full-header highlight-top-left avia-full-stretch avia-bg-style-scroll container_wrap sidebar_right'  data-section-bg-repeat='stretch'><div class='container av-section-cont-open' ><main  role=\"main\" itemprop=\"mainContentOfPage\"  class='template-page content  av-content-small alpha units'><div class='post-entry post-entry-type-page post-entry-8019'><div class='entry-content-wrapper clearfix'>\n\n<style type=\"text\/css\" data-created_by=\"avia_inline_auto\" id=\"style-css-av-4pqykf-2e01fec32f35ebdb6d925baec3d583d3\">\n#top .flex_column.av-4pqykf-2e01fec32f35ebdb6d925baec3d583d3{\nmargin-top:0px;\nmargin-bottom:0px;\n}\n.flex_column.av-4pqykf-2e01fec32f35ebdb6d925baec3d583d3{\nborder-radius:0px 0px 0px 0px;\npadding:0px 0px 0px 0px;\nbackground-color:rgba(255,255,255,0.6);\n}\n.responsive #top #wrap_all .flex_column.av-4pqykf-2e01fec32f35ebdb6d925baec3d583d3{\nmargin-top:0px;\nmargin-bottom:0px;\n}\n<\/style>\n<div  class='flex_column av-4pqykf-2e01fec32f35ebdb6d925baec3d583d3 av_one_full  avia-builder-el-1  avia-builder-el-no-sibling  first no_margin flex_column_div av-zero-column-padding  '     ><section  class='av_textblock_section av-2f82en-bd3eb178e135eb410c5498cd5ead551d '   itemscope=\"itemscope\" itemtype=\"https:\/\/schema.org\/CreativeWork\" ><div class='avia_textblock highlight-box p-2'  itemprop=\"text\" ><h2><strong>TUI Protect<\/strong><\/h2>\n<\/div><\/section><\/div><\/div><\/div><\/main><!-- close content main element --><\/div><\/div><div id='av_section_2'  class='avia-section av-kf6ml15a-a52f4b318d7fec565b2939e152ff9335 main_color avia-section-small avia-no-border-styling  avia-builder-el-3  el_after_av_section  el_before_av_section  reduced-content avia-bg-style-scroll container_wrap sidebar_right'  ><div class='container av-section-cont-open' ><div class='template-page content  av-content-small alpha units'><div class='post-entry post-entry-type-page post-entry-8019'><div class='entry-content-wrapper clearfix'>\n<section  class='av_textblock_section av-kf57bgc6-360505554c008f92467ce0ddccd5d1ff '   itemscope=\"itemscope\" itemtype=\"https:\/\/schema.org\/CreativeWork\" ><div class='avia_textblock'  itemprop=\"text\" ><div id=\"c21531\" class=\"frame frame-default frame-type-text frame-layout-0\">\n<header>\n<h1>TUI PROTECT &#8211; UNSER SERVICEVERSPRECHEN F\u00dcR IHREN URLAUB<\/h1>\n<\/header>\n<p>Wir m\u00f6chten Ihnen einen sorgenfreien Urlaub erm\u00f6glichen. Deshalb haben wir TUI PROTECT f\u00fcr alle G\u00e4ste im Reisepreis inkludiert, die zwischen dem 01.11.2021 und dem 30.10.2022 in den Urlaub reisen. Der Schutz gilt nicht nur f\u00fcr Neubuchungen, sondern auch f\u00fcr G\u00e4ste, die ihr Wohnmobil bereits gebucht haben.<\/p>\n<\/div>\n<\/div><\/section>\n<\/div><\/div><\/div><!-- close content main div --><\/div><\/div><div id='av_section_3'  class='avia-section av-l02h3a86-0fa810501a5dffa7c63ad5c90d7cf9ca main_color avia-section-small avia-no-border-styling  avia-builder-el-5  el_after_av_section  el_before_av_section  reduced-content avia-bg-style-scroll container_wrap sidebar_right'  ><div class='container av-section-cont-open' ><div class='template-page content  av-content-small alpha units'><div class='post-entry post-entry-type-page post-entry-8019'><div class='entry-content-wrapper clearfix'>\n\n<style type=\"text\/css\" data-created_by=\"avia_inline_auto\" id=\"style-css-av-skvbj-6766f03df7a36bd27ffe7780f405bcc4\">\n.flex_column.av-skvbj-6766f03df7a36bd27ffe7780f405bcc4{\nborder-radius:0px 0px 0px 0px;\npadding:0px 0px 0px 0px;\n}\n<\/style>\n<div  class='flex_column av-skvbj-6766f03df7a36bd27ffe7780f405bcc4 av_four_fifth  avia-builder-el-6  el_before_av_one_fifth  avia-builder-el-first  first flex_column_div av-zero-column-padding  '     ><section  class='av_textblock_section av-5ark7z-c259011d426b0dee165cd52ca31e58a0 '   itemscope=\"itemscope\" itemtype=\"https:\/\/schema.org\/CreativeWork\" ><div class='avia_textblock'  itemprop=\"text\" ><h3><strong>TUI PROTECT: Das Wichtigste zusammengefasst<\/strong><\/h3>\n<p>Mit TUI sind Sie w\u00e4hrend Ihres Aufenthaltes in einem TUI Camper\u00a0(von Anmietung bis zur Abgabe) vor zus\u00e4tzlichen Kosten durch eine m\u00f6gliche\u00a0Covid\/Corona Infektion gesch\u00fctzt. Dieser Schutz ist im Mietpreis inkludiert f\u00fcr TUI Kunden, die bis 30.10.22\u00a0einen Urlaub im TUI Camper\u00a0unternehmen und greift nicht nur f\u00fcr Neubuchungen, sondern auch f\u00fcr Kunden, die ihren TUI Camper\u00a0bereits gebucht haben.<\/p>\n<p>TUI PROTECT gilt\u00a0damit\u00a0f\u00fcr alle Anmietungen seit\u00a018.07.20 bis 30.10.22 unabh\u00e4ngig vom Buchungszeitraum f\u00fcr alle Buchungen von TUI Camper.<\/p>\n<\/div><\/section><\/div>\n<style type=\"text\/css\" data-created_by=\"avia_inline_auto\" id=\"style-css-av-43hcjj-1d4bc6731bb3a11488a8142012d5aefc\">\n.flex_column.av-43hcjj-1d4bc6731bb3a11488a8142012d5aefc{\nborder-radius:0px 0px 0px 0px;\npadding:0px 0px 0px 0px;\n}\n<\/style>\n<div  class='flex_column av-43hcjj-1d4bc6731bb3a11488a8142012d5aefc av_one_fifth  avia-builder-el-8  el_after_av_four_fifth  avia-builder-el-last  flex_column_div av-zero-column-padding  '     ><style type=\"text\/css\" data-created_by=\"avia_inline_auto\" id=\"style-css-av-34yulr-039adbad2848fa9b79ac34c2119529cc\">\n.avia-image-container.av-34yulr-039adbad2848fa9b79ac34c2119529cc img.avia_image{\nbox-shadow:none;\n}\n.avia-image-container.av-34yulr-039adbad2848fa9b79ac34c2119529cc .av-image-caption-overlay-center{\ncolor:#ffffff;\n}\n<\/style>\n<div  class='avia-image-container av-34yulr-039adbad2848fa9b79ac34c2119529cc av-styling- avia-align-center  avia-builder-el-9  avia-builder-el-no-sibling '   itemprop=\"image\" itemscope=\"itemscope\" itemtype=\"https:\/\/schema.org\/ImageObject\" ><div class=\"avia-image-container-inner\"><div class=\"avia-image-overlay-wrap\"><img decoding=\"async\" fetchpriority=\"high\" class='wp-image-8241 avia-img-lazy-loading-not-8241 avia_image ' src=\"https:\/\/www.tuicamper.com\/wp-docker\/wp-content\/uploads\/2022\/04\/TUI_Protect.png\" alt='' title='TUI_Protect'  height=\"125\" width=\"177\"  itemprop=\"thumbnailUrl\"  \/><\/div><\/div><\/div><\/div>\n<\/p>\n<\/div><\/div><\/div><!-- close content main div --><\/div><\/div><div id='av_section_4'  class='avia-section av-kf6mupe8-db7c4cbc662ef9d072e7400135661ce0 main_color avia-section-small avia-no-border-styling  avia-builder-el-10  el_after_av_section  avia-builder-el-last  reduced-content avia-bg-style-scroll container_wrap sidebar_right'  ><div class='container av-section-cont-open' ><div class='template-page content  av-content-small alpha units'><div class='post-entry post-entry-type-page post-entry-8019'><div class='entry-content-wrapper clearfix'>\n\n<style type=\"text\/css\" data-created_by=\"avia_inline_auto\" id=\"style-css-av-7xsrsv-6790bfdacdddd1078ae07ba959948278\">\n.flex_column.av-7xsrsv-6790bfdacdddd1078ae07ba959948278{\nborder-radius:0px 0px 0px 0px;\npadding:0px 0px 0px 0px;\n}\n<\/style>\n<div  class='flex_column av-7xsrsv-6790bfdacdddd1078ae07ba959948278 av_one_full  avia-builder-el-11  avia-builder-el-no-sibling  first flex_column_div av-zero-column-padding  '     ><section  class='av_textblock_section av-kf57bgc6-360505554c008f92467ce0ddccd5d1ff '   itemscope=\"itemscope\" itemtype=\"https:\/\/schema.org\/CreativeWork\" ><div class='avia_textblock'  itemprop=\"text\" ><div id=\"c21531\" class=\"frame frame-default frame-type-text frame-layout-0\">\n<header>\n<div id=\"c21534\" class=\"frame frame-default frame-type-textpic frame-layout-0\">\n<div class=\"ce-textpic ce-right ce-intext\">\n<div class=\"ce-bodytext\">\n<header>\n<h3><strong>Ihre Vorteile auf einen Blick<\/strong><\/h3>\n<\/header>\n<p><strong>Sicherheit vor Ihrer Reise<\/strong><\/p>\n<ul>\n<li>\u00dcbernahme der anfallenden Stornierungskosten (bis zu 1.500 EUR pro Person) im Falle einer beh\u00f6rdlich angeordneten individueller Quarant\u00e4ne bei Infektion oder bei Verdacht auf eine Infektion mit dem SARS-COV-2 Virus vor der Anreise, sofern nicht durch andere Stellen (z.B. Versicherung) \u00fcbernommen werden.<\/li>\n<\/ul>\n<p><strong>Sicherheit w\u00e4hrend Ihrer Reise<\/strong><\/p>\n<ul>\n<li>\u00dcbernahme zus\u00e4tzlicher Unterbringungskosten im Falle einer beh\u00f6rdlich angeordneten individueller Quarant\u00e4ne*\u00a0bei Infektion oder bei Verdacht auf eine Infektion mit dem SARS-COV-2 Virus f\u00fcr bis zu 14 Tage\u00a0 durch TUI, sofern diese nicht durch andere Stellen (z.B. Regierung, Versicherung \u2026) \u00fcbernommen werden<\/li>\n<li data-aria-level=\"1\" data-aria-posinset=\"2\" data-font=\"Symbol\" data-leveltext=\"\uf0b7\" data-listid=\"2\">\u00dcbernahme der R\u00fcckflugkosten bei einer quarant\u00e4nebedingt versp\u00e4teten R\u00fcckreise der betroffenen Person<\/li>\n<li data-aria-level=\"1\" data-aria-posinset=\"2\" data-font=\"Symbol\" data-leveltext=\"\uf0b7\" data-listid=\"2\">Organisation der Heimreise der Mitgereisten, jedoch nicht von der Quarant\u00e4ne betroffenen Personen auf demselben Vorgang und \u00dcbernahme m\u00f6glicher Umbuchungskosten<\/li>\n<li data-aria-level=\"1\" data-aria-posinset=\"2\" data-font=\"Symbol\" data-leveltext=\"\uf0b7\" data-listid=\"2\">Gesamtkosten\u00fcbernahme von maximal\u00a05.000 \u20ac pro Buchungsvorgang<\/li>\n<\/ul>\n<p>Zus\u00e4tzlich steht Ihnen, wie gewohnt, unser TUI Service zur Verf\u00fcgung (deutschsprachige, telefonische oder digitale 24\/7 Betreuung).<\/p>\n<p>*\u00a0G\u00fcltig f\u00fcr den Fall, dass vor Reisebeginn ein Verdacht auf eine Infektion oder eine Infektion mit dem Coronavirus (COVID-19) vorliegt und Sie deshalb den Camper und Ihre Reise f\u00fcr sich und\/oder f\u00fcr \u00fcbrige Reiseteilnehmer auf demselben Vorgang stornieren m\u00fcssen. Die Stornierung muss innerhalb von 10 Stunden nach positiven Testergebnis erfolgen. Zus\u00e4tzlich ist die Einreichung der beh\u00f6rdlichen Anordnung erforderlich. Gesamtkosten\u00fcbernahme max. 1.500\u20ac pro Person.<\/p>\n<\/div>\n<\/div>\n<\/div>\n<div id=\"c21552\" class=\"frame frame-default frame-type-gridelements_pi1 frame-layout-0 frame-space-after-medium\">\n<div id=\"c21552\" class=\"row gridelement\">\n<div class=\"col-xs-12\">\n<div id=\"accordion-21552\" class=\"accordion-wrapper\" role=\"tablist\" aria-multiselectable=\"true\"><\/div>\n<\/div>\n<\/div>\n<\/div>\n<\/header>\n<\/div>\n<div id=\"c21552\" class=\"frame frame-default frame-type-gridelements_pi1 frame-layout-0 frame-space-after-medium\">\n<div id=\"c21552\" class=\"row gridelement\">\n<div class=\"col-xs-12\">\n<div id=\"accordion-21552\" class=\"accordion-wrapper\" role=\"tablist\" aria-multiselectable=\"true\"><\/div>\n<\/div>\n<\/div>\n<\/div>\n<\/div><\/section><\/div>\n<\/div><\/div><\/div><!-- close content main div --><\/div><\/div><div id='after_section_4'  class='main_color av_default_container_wrap container_wrap sidebar_right'  ><div class='container av-section-cont-open' ><div class='template-page content  av-content-small alpha units'><div class='post-entry post-entry-type-page post-entry-8019'><div class='entry-content-wrapper clearfix'>\n","protected":false},"excerpt":{"rendered":"","protected":false},"author":3,"featured_media":0,"parent":0,"menu_order":0,"comment_status":"closed","ping_status":"closed","template":"","meta":{"footnotes":""},"class_list":["post-8019","page","type-page","status-publish","hentry"],"yoast_head":"<!-- This site is optimized with the Yoast SEO plugin v27.4 - https:\/\/yoast.com\/product\/yoast-seo-wordpress\/ -->\n<title>TUI PROTECT: TUI Reiseschutz f\u00fcr eine sorgenfreien Camper-Urlaub<\/title>\n<meta name=\"description\" content=\"Mit TUI PROTECT sorgenfrei in den Urlaub: Genie\u00dfen Sie mit dem TUI Reiseschutz Ihren Camper-Urlaub auch in Zeiten von Corona mit h\u00f6chster Sicherheit.\" \/>\n<meta name=\"robots\" content=\"index, follow, max-snippet:-1, max-image-preview:large, max-video-preview:-1\" \/>\n<link rel=\"canonical\" href=\"https:\/\/www.tuicamper.com\/tui-protect\/\" \/>\n<meta property=\"og:locale\" content=\"de_DE\" \/>\n<meta property=\"og:type\" content=\"article\" \/>\n<meta property=\"og:title\" content=\"TUI PROTECT: TUI Reiseschutz f\u00fcr eine sorgenfreien Camper-Urlaub\" \/>\n<meta property=\"og:description\" content=\"Mit TUI PROTECT sorgenfrei in den Urlaub: Genie\u00dfen Sie mit dem TUI Reiseschutz Ihren Camper-Urlaub auch in Zeiten von Corona mit h\u00f6chster Sicherheit.\" \/>\n<meta property=\"og:url\" content=\"https:\/\/www.tuicamper.com\/tui-protect\/\" \/>\n<meta property=\"og:site_name\" content=\"TUI Camper Magazin\" \/>\n<meta property=\"article:modified_time\" content=\"2022-04-25T10:01:45+00:00\" \/>\n<meta name=\"twitter:card\" content=\"summary_large_image\" \/>\n<meta name=\"twitter:label1\" content=\"Gesch\u00e4tzte Lesezeit\" \/>\n\t<meta name=\"twitter:data1\" content=\"7\u00a0Minuten\" \/>\n<!-- \/ Yoast SEO plugin. -->","yoast_head_json":{"title":"TUI PROTECT: TUI Reiseschutz f\u00fcr eine sorgenfreien Camper-Urlaub","description":"Mit TUI PROTECT sorgenfrei in den Urlaub: Genie\u00dfen Sie mit dem TUI Reiseschutz Ihren Camper-Urlaub auch in Zeiten von Corona mit h\u00f6chster Sicherheit.","robots":{"index":"index","follow":"follow","max-snippet":"max-snippet:-1","max-image-preview":"max-image-preview:large","max-video-preview":"max-video-preview:-1"},"canonical":"https:\/\/www.tuicamper.com\/tui-protect\/","og_locale":"de_DE","og_type":"article","og_title":"TUI PROTECT: TUI Reiseschutz f\u00fcr eine sorgenfreien Camper-Urlaub","og_description":"Mit TUI PROTECT sorgenfrei in den Urlaub: Genie\u00dfen Sie mit dem TUI Reiseschutz Ihren Camper-Urlaub auch in Zeiten von Corona mit h\u00f6chster Sicherheit.","og_url":"https:\/\/www.tuicamper.com\/tui-protect\/","og_site_name":"TUI Camper Magazin","article_modified_time":"2022-04-25T10:01:45+00:00","twitter_card":"summary_large_image","twitter_misc":{"Gesch\u00e4tzte Lesezeit":"7\u00a0Minuten"},"schema":{"@context":"https:\/\/schema.org","@graph":[{"@type":"WebPage","@id":"https:\/\/www.tuicamper.com\/tui-protect\/","url":"https:\/\/www.tuicamper.com\/tui-protect\/","name":"TUI PROTECT: TUI Reiseschutz f\u00fcr eine sorgenfreien Camper-Urlaub","isPartOf":{"@id":"https:\/\/www.tuicamper.com\/#website"},"datePublished":"2022-04-25T09:33:20+00:00","dateModified":"2022-04-25T10:01:45+00:00","description":"Mit TUI PROTECT sorgenfrei in den Urlaub: Genie\u00dfen Sie mit dem TUI Reiseschutz Ihren Camper-Urlaub auch in Zeiten von Corona mit h\u00f6chster Sicherheit.","breadcrumb":{"@id":"https:\/\/www.tuicamper.com\/tui-protect\/#breadcrumb"},"inLanguage":"de","potentialAction":["Array"]},{"@type":"BreadcrumbList","@id":"https:\/\/www.tuicamper.com\/tui-protect\/#breadcrumb","itemListElement":[{"@type":"ListItem","position":1,"name":"Startseite","item":"https:\/\/www.tuicamper.com\/wp-docker\/"},{"@type":"ListItem","position":2,"name":"TUI Protect"}]},{"@type":"WebSite","@id":"https:\/\/www.tuicamper.com\/#website","url":"https:\/\/www.tuicamper.com\/","name":"TUI Camper Magazin","description":"","potentialAction":["Array"],"inLanguage":"de"}]}},"_links":{"self":[{"href":"https:\/\/www.tuicamper.com\/wp-docker\/wp-json\/wp\/v2\/pages\/8019","targetHints":{"allow":["GET"]}}],"collection":[{"href":"https:\/\/www.tuicamper.com\/wp-docker\/wp-json\/wp\/v2\/pages"}],"about":[{"href":"https:\/\/www.tuicamper.com\/wp-docker\/wp-json\/wp\/v2\/types\/page"}],"author":[{"embeddable":true,"href":"https:\/\/www.tuicamper.com\/wp-docker\/wp-json\/wp\/v2\/users\/3"}],"replies":[{"embeddable":true,"href":"https:\/\/www.tuicamper.com\/wp-docker\/wp-json\/wp\/v2\/comments?post=8019"}],"version-history":[{"count":1,"href":"https:\/\/www.tuicamper.com\/wp-docker\/wp-json\/wp\/v2\/pages\/8019\/revisions"}],"predecessor-version":[{"id":8299,"href":"https:\/\/www.tuicamper.com\/wp-docker\/wp-json\/wp\/v2\/pages\/8019\/revisions\/8299"}],"wp:attachment":[{"href":"https:\/\/www.tuicamper.com\/wp-docker\/wp-json\/wp\/v2\/media?parent=8019"}],"curies":[{"name":"wp","href":"https:\/\/api.w.org\/{rel}","templated":true}]}}